{"id":4553,"date":"2018-02-10T20:19:47","date_gmt":"2018-02-10T19:19:47","guid":{"rendered":"http:\/\/hopenmeteo.no\/wp-content\/uploads\/2018\/02\/Sola-9-feb.jpg"},"modified":"2018-02-10T21:29:24","modified_gmt":"2018-02-10T20:29:24","slug":"sola-9-feb","status":"inherit","type":"attachment","link":"https:\/\/hopenmeteo.no\/?attachment_id=4553","title":{"rendered":"Sola 9 feb"},"author":1,"featured_media":0,"comment_status":"closed","ping_status":"closed","template":"","meta":[],"class_list":["post-4553","attachment","type-attachment","status-inherit","hentry"],"description":{"rendered":"<p class=\"attachment\"><a href='https:\/\/hopenmeteo.no\/wp-content\/uploads\/2018\/02\/Sola-9-feb.jpg'><img loading=\"lazy\" decoding=\"async\" width=\"300\" height=\"200\" src=\"https:\/\/hopenmeteo.no\/wp-content\/uploads\/2018\/02\/Sola-9-feb-300x200.jpg\" class=\"attachment-medium size-medium\" alt=\"\" srcset=\"https:\/\/hopenmeteo.no\/wp-content\/uploads\/2018\/02\/Sola-9-feb-300x200.jpg 300w, https:\/\/hopenmeteo.no\/wp-content\/uploads\/2018\/02\/Sola-9-feb-768x512.jpg 768w, https:\/\/hopenmeteo.no\/wp-content\/uploads\/2018\/02\/Sola-9-feb.jpg 800w, https:\/\/hopenmeteo.no\/wp-content\/uploads\/2018\/02\/Sola-9-feb-450x300.jpg 450w\" sizes=\"auto, (max-width: 300px) 100vw, 300px\" \/><\/a><\/p>\n"},"caption":{"rendered":"<p>\u00c5rets f\u00f8rste solstr\u00e5ler, og bedre skal det bli  &#8211;  Foto: Ted <a href=\"https:\/\/hopenmeteo.no\/?attachment_id=4553\">Les videre <span class=\"meta-nav\">&rarr;<\/span><\/a><\/p>\n"},"alt_text":"","media_type":"image","mime_type":"image\/jpeg","media_details":{"width":800,"height":533,"file":"2018\/02\/Sola-9-feb.jpg","sizes":{"thumbnail":{"file":"Sola-9-feb-150x150.jpg","width":150,"height":150,"mime_type":"image\/jpeg","source_url":"https:\/\/hopenmeteo.no\/wp-content\/uploads\/2018\/02\/Sola-9-feb-150x150.jpg"},"medium":{"file":"Sola-9-feb-300x200.jpg","width":300,"height":200,"mime_type":"image\/jpeg","source_url":"https:\/\/hopenmeteo.no\/wp-content\/uploads\/2018\/02\/Sola-9-feb-300x200.jpg"},"medium_large":{"file":"Sola-9-feb-768x512.jpg","width":768,"height":512,"mime_type":"image\/jpeg","source_url":"https:\/\/hopenmeteo.no\/wp-content\/uploads\/2018\/02\/Sola-9-feb-768x512.jpg"},"large":{"file":"Sola-9-feb-800x533.jpg","width":800,"height":533,"mime_type":"image\/jpeg","source_url":"https:\/\/hopenmeteo.no\/wp-content\/uploads\/2018\/02\/Sola-9-feb-800x533.jpg"},"wptouch-new-thumbnail":{"file":"Sola-9-feb-144x144.jpg","width":144,"height":144,"mime_type":"image\/jpeg","source_url":"https:\/\/hopenmeteo.no\/wp-content\/uploads\/2018\/02\/Sola-9-feb-144x144.jpg"},"post-thumbnail":{"file":"Sola-9-feb-800x288.jpg","width":800,"height":288,"mime_type":"image\/jpeg","source_url":"https:\/\/hopenmeteo.no\/wp-content\/uploads\/2018\/02\/Sola-9-feb-800x288.jpg"},"large-feature":{"file":"Sola-9-feb-800x288.jpg","width":800,"height":288,"mime_type":"image\/jpeg","source_url":"https:\/\/hopenmeteo.no\/wp-content\/uploads\/2018\/02\/Sola-9-feb-800x288.jpg"},"small-feature":{"file":"Sola-9-feb-450x300.jpg","width":450,"height":300,"mime_type":"image\/jpeg","source_url":"https:\/\/hopenmeteo.no\/wp-content\/uploads\/2018\/02\/Sola-9-feb-450x300.jpg"},"full":{"file":"Sola-9-feb.jpg","width":800,"height":533,"mime_type":"image\/jpeg","source_url":"https:\/\/hopenmeteo.no\/wp-content\/uploads\/2018\/02\/Sola-9-feb.jpg"}},"image_meta":{"aperture":"8","credit":"","camera":"ILCE-6000","caption":"","created_timestamp":"1518175703","copyright":"","focal_length":"50","iso":"100","shutter_speed":"0.01","title":"","orientation":"1","keywords":[]}},"post":4542,"source_url":"https:\/\/hopenmeteo.no\/wp-content\/uploads\/2018\/02\/Sola-9-feb.jpg","_links":{"self":[{"href":"https:\/\/hopenmeteo.no\/index.php?rest_route=\/wp\/v2\/media\/4553","targetHints":{"allow":["GET"]}}],"collection":[{"href":"https:\/\/hopenmeteo.no\/index.php?rest_route=\/wp\/v2\/media"}],"about":[{"href":"https:\/\/hopenmeteo.no\/index.php?rest_route=\/wp\/v2\/types\/attachment"}],"author":[{"embeddable":true,"href":"https:\/\/hopenmeteo.no\/index.php?rest_route=\/wp\/v2\/users\/1"}],"replies":[{"embeddable":true,"href":"https:\/\/hopenmeteo.no\/index.php?rest_route=%2Fwp%2Fv2%2Fcomments&post=4553"}],"wp:attached-to":[{"embeddable":true,"post_type":"post","id":4542,"href":"https:\/\/hopenmeteo.no\/index.php?rest_route=\/wp\/v2\/posts\/4542"}],"curies":[{"name":"wp","href":"https:\/\/api.w.org\/{rel}","templated":true}]}}

<p>Årets første solstråler, og bedre skal det bli  &#8211;  Foto: Ted <a href="https://hopenmeteo.no/?attachment_id=4553">Les videre <span class="meta-nav">&rarr;</span></a></p>
