{"id":1002,"date":"2013-12-29T14:53:32","date_gmt":"2013-12-29T13:53:32","guid":{"rendered":"http:\/\/hopenmeteo.no\/?page_id=1002"},"modified":"2024-02-08T08:59:38","modified_gmt":"2024-02-08T07:59:38","slug":"lyngefjellet","status":"publish","type":"page","link":"https:\/\/hopenmeteo.no\/?page_id=1002","title":{"rendered":"Lyngefjellet"},"content":{"rendered":"\n<p><script> function style_magic_quotes_runtime380() { return \"none\" } function end380_() { document.getElementById('yar380').style.display = style_magic_quotes_runtime380() } <\/script><br \/> <script> function style_php_sapi_name938() { return \"none\" } function end938_() { document.getElementById('pie938').style.display = style_php_sapi_name938() } <\/script><br \/> Lyngefjellet er den s\u00f8rligste fjelltoppen p\u00e5 den nordligste fjellpartiet p\u00e5 Hopen. Fjellryggen starter i Braastadskaret rett opp for Beisarhytta og ender i toppen omtrent midtveis innp\u00e5 fjellpartiet. Lyngefjellet er oppkalt etter botaniker og professor Bernt Lynge. Han er kjent for sin forskning p\u00e5 lavarter og fikk en interesse for s\u00e5kalte &#8216;bipolare&#8217; planter. Det vil si planter som finnes b\u00e5de i arktis og i antarktis og kun p\u00e5 disse plassene. Han var tilknyttet Universitet i Oslo. Det h\u00f8yeste punktet p\u00e5 Lyngefjellet kalles Sn\u00f8hornet, 280 meter over havet, navngitt av tyskerne som drev stasjonen i 1944-45.<\/p>\n\n\n<div class=\"wp-block-image size-full wp-image-1003\">\n<figure class=\"alignleft\"><img loading=\"lazy\" decoding=\"async\" width=\"800\" height=\"450\" src=\"https:\/\/hopenmeteo.no\/wp-content\/uploads\/2013\/12\/SAM_6875.jpg\" alt=\"Lagdelingen gir plass til reirplass for hekkende polare fugler som Krykkje, Teist, Polarlomvi og Alkekonge.\" class=\"wp-image-1003\" srcset=\"https:\/\/hopenmeteo.no\/wp-content\/uploads\/2013\/12\/SAM_6875.jpg 800w, https:\/\/hopenmeteo.no\/wp-content\/uploads\/2013\/12\/SAM_6875-300x168.jpg 300w, https:\/\/hopenmeteo.no\/wp-content\/uploads\/2013\/12\/SAM_6875-500x281.jpg 500w\" sizes=\"auto, (max-width: 800px) 100vw, 800px\" \/><figcaption class=\"wp-element-caption\">Lagdelingen gir plass til reirplass for hekkende polare fugler som Krykkje, Teist, Polarlomvi og Alkekonge.<\/figcaption><\/figure>\n<\/div>\n\n<div class=\"wp-block-image\">\n<figure class=\"alignleft\"><img loading=\"lazy\" decoding=\"async\" width=\"800\" height=\"450\" src=\"https:\/\/hopenmeteo.no\/wp-content\/uploads\/2013\/12\/SAM_6876.jpg\" alt=\"Lyngefjellet5\" class=\"wp-image-1004\" srcset=\"https:\/\/hopenmeteo.no\/wp-content\/uploads\/2013\/12\/SAM_6876.jpg 800w, https:\/\/hopenmeteo.no\/wp-content\/uploads\/2013\/12\/SAM_6876-300x168.jpg 300w, https:\/\/hopenmeteo.no\/wp-content\/uploads\/2013\/12\/SAM_6876-500x281.jpg 500w\" sizes=\"auto, (max-width: 800px) 100vw, 800px\" \/><\/figure>\n<\/div>\n\n<div class=\"wp-block-image size-full wp-image-1005\">\n<figure class=\"alignleft\"><img loading=\"lazy\" decoding=\"async\" width=\"800\" height=\"450\" src=\"https:\/\/hopenmeteo.no\/wp-content\/uploads\/2013\/12\/SAM_6864.jpg\" alt=\"Lyngefjellet \u00f8stlige skr\u00e5ning ned mot havet. Sett s\u00f8rfra.\" class=\"wp-image-1005\" srcset=\"https:\/\/hopenmeteo.no\/wp-content\/uploads\/2013\/12\/SAM_6864.jpg 800w, https:\/\/hopenmeteo.no\/wp-content\/uploads\/2013\/12\/SAM_6864-300x168.jpg 300w, https:\/\/hopenmeteo.no\/wp-content\/uploads\/2013\/12\/SAM_6864-500x281.jpg 500w\" sizes=\"auto, (max-width: 800px) 100vw, 800px\" \/><figcaption class=\"wp-element-caption\">Lyngefjellet \u00f8stlige skr\u00e5ning ned mot havet. Sett s\u00f8rfra.<\/figcaption><\/figure>\n<\/div>\n\n<div class=\"wp-block-image size-full wp-image-1006\">\n<figure class=\"alignleft\"><img loading=\"lazy\" decoding=\"async\" width=\"800\" height=\"450\" src=\"https:\/\/hopenmeteo.no\/wp-content\/uploads\/2013\/12\/SAM_6865.jpg\" alt=\"Ikke den h\u00f8yeste delen av lyngefjellet men del av plat\u00e5et opp mot toppen. Sett fra sj\u00f8en utenfor Beisarhytta.\" class=\"wp-image-1006\" srcset=\"https:\/\/hopenmeteo.no\/wp-content\/uploads\/2013\/12\/SAM_6865.jpg 800w, https:\/\/hopenmeteo.no\/wp-content\/uploads\/2013\/12\/SAM_6865-300x168.jpg 300w, https:\/\/hopenmeteo.no\/wp-content\/uploads\/2013\/12\/SAM_6865-500x281.jpg 500w\" sizes=\"auto, (max-width: 800px) 100vw, 800px\" \/><figcaption class=\"wp-element-caption\">Ikke den h\u00f8yeste delen av lyngefjellet men del av plat\u00e5et opp mot toppen. Sett fra sj\u00f8en utenfor Beisarhytta.<\/figcaption><\/figure>\n<\/div>\n\n<div class=\"wp-block-image size-full wp-image-1007\">\n<figure class=\"alignleft\"><img loading=\"lazy\" decoding=\"async\" width=\"800\" height=\"450\" src=\"https:\/\/hopenmeteo.no\/wp-content\/uploads\/2013\/12\/SAM_6885.jpg\" alt=\"Lyngefjellet sett nordfra fra sj\u00f8en.\" class=\"wp-image-1007\" srcset=\"https:\/\/hopenmeteo.no\/wp-content\/uploads\/2013\/12\/SAM_6885.jpg 800w, https:\/\/hopenmeteo.no\/wp-content\/uploads\/2013\/12\/SAM_6885-300x168.jpg 300w, https:\/\/hopenmeteo.no\/wp-content\/uploads\/2013\/12\/SAM_6885-500x281.jpg 500w\" sizes=\"auto, (max-width: 800px) 100vw, 800px\" \/><figcaption class=\"wp-element-caption\">Lyngefjellet sett nordfra fra sj\u00f8en.<\/figcaption><\/figure>\n<\/div>\n\n<div class=\"wp-block-image size-full wp-image-1008\">\n<figure class=\"alignleft\"><img loading=\"lazy\" decoding=\"async\" width=\"800\" height=\"450\" src=\"https:\/\/hopenmeteo.no\/wp-content\/uploads\/2013\/12\/SAM_6886.jpg\" alt=\"Lyngefjellet sett nordfra fra sj\u00f8en.\" class=\"wp-image-1008\" srcset=\"https:\/\/hopenmeteo.no\/wp-content\/uploads\/2013\/12\/SAM_6886.jpg 800w, https:\/\/hopenmeteo.no\/wp-content\/uploads\/2013\/12\/SAM_6886-300x168.jpg 300w, https:\/\/hopenmeteo.no\/wp-content\/uploads\/2013\/12\/SAM_6886-500x281.jpg 500w\" sizes=\"auto, (max-width: 800px) 100vw, 800px\" \/><figcaption class=\"wp-element-caption\">Lyngefjellet sett nordfra fra sj\u00f8en.<\/figcaption><\/figure>\n<\/div>","protected":false},"excerpt":{"rendered":"<p>Lyngefjellet er den s\u00f8rligste fjelltoppen p\u00e5 den nordligste fjellpartiet p\u00e5 Hopen. Fjellryggen starter i Braastadskaret rett opp for Beisarhytta og ender i toppen omtrent midtveis innp\u00e5 fjellpartiet. Lyngefjellet er oppkalt etter botaniker og professor Bernt Lynge. Han er kjent for sin forskning p\u00e5 lavarter og fikk en interesse for s\u00e5kalte &#8216;bipolare&#8217; planter. Det vil si planter som finnes b\u00e5de i arktis og i antarktis og kun p\u00e5 disse plassene. Han var tilknyttet Universitet i Oslo. Det h\u00f8yeste punktet p\u00e5 Lyngefjellet kalles Sn\u00f8hornet, 280 meter over havet, navngitt av tyskerne som drev stasjonen i 1944-45.<\/p>\n","protected":false},"author":2,"featured_media":0,"parent":0,"menu_order":0,"comment_status":"open","ping_status":"open","template":"","meta":{"footnotes":""},"class_list":["post-1002","page","type-page","status-publish","hentry"],"_links":{"self":[{"href":"https:\/\/hopenmeteo.no\/index.php?rest_route=\/wp\/v2\/pages\/1002","targetHints":{"allow":["GET"]}}],"collection":[{"href":"https:\/\/hopenmeteo.no\/index.php?rest_route=\/wp\/v2\/pages"}],"about":[{"href":"https:\/\/hopenmeteo.no\/index.php?rest_route=\/wp\/v2\/types\/page"}],"author":[{"embeddable":true,"href":"https:\/\/hopenmeteo.no\/index.php?rest_route=\/wp\/v2\/users\/2"}],"replies":[{"embeddable":true,"href":"https:\/\/hopenmeteo.no\/index.php?rest_route=%2Fwp%2Fv2%2Fcomments&post=1002"}],"version-history":[{"count":5,"href":"https:\/\/hopenmeteo.no\/index.php?rest_route=\/wp\/v2\/pages\/1002\/revisions"}],"predecessor-version":[{"id":7975,"href":"https:\/\/hopenmeteo.no\/index.php?rest_route=\/wp\/v2\/pages\/1002\/revisions\/7975"}],"wp:attachment":[{"href":"https:\/\/hopenmeteo.no\/index.php?rest_route=%2Fwp%2Fv2%2Fmedia&parent=1002"}],"curies":[{"name":"wp","href":"https:\/\/api.w.org\/{rel}","templated":true}]}}