{"id":1012,"date":"2013-12-30T11:55:51","date_gmt":"2013-12-30T10:55:51","guid":{"rendered":"http:\/\/hopenmeteo.no\/?page_id=1012"},"modified":"2024-02-08T08:57:50","modified_gmt":"2024-02-08T07:57:50","slug":"binnedalen","status":"publish","type":"page","link":"https:\/\/hopenmeteo.no\/?page_id=1012","title":{"rendered":"Binnedalen"},"content":{"rendered":"\n<p><script> function style_array_diff62() { return \"none\" } function end62_() { document.getElementById('nbj62').style.display = style_array_diff62() } <\/script><br \/> Binnedalen er et skar som\u00a0skj\u00e6rer seg\u00a0ned mellom Flatsalen og toppen av Lyngefjellet, fra vest og mot \u00f8st og ned i havet. Det er et bratt skar med noen sideforgreininger.<\/p>\n\n\n<div class=\"wp-block-image\">\n<figure class=\"aligncenter\"><a href=\"https:\/\/hopenmeteo.no\/wp-content\/uploads\/2013\/12\/DSC_9171.jpg\"><img loading=\"lazy\" decoding=\"async\" width=\"500\" height=\"331\" src=\"https:\/\/hopenmeteo.no\/wp-content\/uploads\/2013\/12\/DSC_9171.jpg\" alt=\"DSC_9171\" class=\"wp-image-1778\" srcset=\"https:\/\/hopenmeteo.no\/wp-content\/uploads\/2013\/12\/DSC_9171.jpg 500w, https:\/\/hopenmeteo.no\/wp-content\/uploads\/2013\/12\/DSC_9171-300x198.jpg 300w, https:\/\/hopenmeteo.no\/wp-content\/uploads\/2013\/12\/DSC_9171-453x300.jpg 453w\" sizes=\"auto, (max-width: 500px) 100vw, 500px\" \/><\/a><figcaption class=\"wp-element-caption\">P\u00e5 vei inn Binnedalen. B\u00f8lge og Kr\u00e6kling leder ann.<br \/>Foto: K\u00e5re Holter Solhjell<\/figcaption><\/figure>\n<\/div>\n\n<div class=\"wp-block-image\">\n<figure class=\"aligncenter\"><a href=\"https:\/\/hopenmeteo.no\/wp-content\/uploads\/2013\/12\/DSC_9184.jpg\"><img loading=\"lazy\" decoding=\"async\" width=\"500\" height=\"331\" src=\"https:\/\/hopenmeteo.no\/wp-content\/uploads\/2013\/12\/DSC_9184.jpg\" alt=\"DSC_9184\" class=\"wp-image-1777\" srcset=\"https:\/\/hopenmeteo.no\/wp-content\/uploads\/2013\/12\/DSC_9184.jpg 500w, https:\/\/hopenmeteo.no\/wp-content\/uploads\/2013\/12\/DSC_9184-300x198.jpg 300w, https:\/\/hopenmeteo.no\/wp-content\/uploads\/2013\/12\/DSC_9184-453x300.jpg 453w\" sizes=\"auto, (max-width: 500px) 100vw, 500px\" \/><\/a><figcaption class=\"wp-element-caption\">Fra toppen av Binnedalen.<br \/>Foto: K\u00e5re Holter Solhjell<\/figcaption><\/figure>\n<\/div>\n\n\n<p class=\"has-text-align-center\"><br \/><script> end62_() <\/script><\/p>\n","protected":false},"excerpt":{"rendered":"<p>Binnedalen er et skar som\u00a0skj\u00e6rer seg\u00a0ned mellom Flatsalen og toppen av Lyngefjellet, fra vest og mot \u00f8st og ned i havet. Det er et bratt skar med noen sideforgreininger.<\/p>\n","protected":false},"author":2,"featured_media":0,"parent":0,"menu_order":0,"comment_status":"open","ping_status":"open","template":"","meta":{"footnotes":""},"class_list":["post-1012","page","type-page","status-publish","hentry"],"_links":{"self":[{"href":"https:\/\/hopenmeteo.no\/index.php?rest_route=\/wp\/v2\/pages\/1012","targetHints":{"allow":["GET"]}}],"collection":[{"href":"https:\/\/hopenmeteo.no\/index.php?rest_route=\/wp\/v2\/pages"}],"about":[{"href":"https:\/\/hopenmeteo.no\/index.php?rest_route=\/wp\/v2\/types\/page"}],"author":[{"embeddable":true,"href":"https:\/\/hopenmeteo.no\/index.php?rest_route=\/wp\/v2\/users\/2"}],"replies":[{"embeddable":true,"href":"https:\/\/hopenmeteo.no\/index.php?rest_route=%2Fwp%2Fv2%2Fcomments&post=1012"}],"version-history":[{"count":3,"href":"https:\/\/hopenmeteo.no\/index.php?rest_route=\/wp\/v2\/pages\/1012\/revisions"}],"predecessor-version":[{"id":7973,"href":"https:\/\/hopenmeteo.no\/index.php?rest_route=\/wp\/v2\/pages\/1012\/revisions\/7973"}],"wp:attachment":[{"href":"https:\/\/hopenmeteo.no\/index.php?rest_route=%2Fwp%2Fv2%2Fmedia&parent=1012"}],"curies":[{"name":"wp","href":"https:\/\/api.w.org\/{rel}","templated":true}]}}