{"id":1032,"date":"2013-12-30T12:57:51","date_gmt":"2013-12-30T11:57:51","guid":{"rendered":"http:\/\/hopenmeteo.no\/?page_id=1032"},"modified":"2024-02-08T09:16:48","modified_gmt":"2024-02-08T08:16:48","slug":"beisarstua","status":"publish","type":"page","link":"https:\/\/hopenmeteo.no\/?page_id=1032","title":{"rendered":"Beisarstua"},"content":{"rendered":"\n<p>Beisarstua st\u00e5r p\u00e5 brinken p\u00e5 \u00f8stsiden av Braastadskaret. Hytta ble tidligere kalt Nordhytta og ble f\u00f8rst satt opp i 1923 som fangsthytte. Den ble revet og bygget opp p\u00e5 nytt i 1973 og er blitt restaurert de siste \u00e5rene  Ny isolasjon p\u00e5 tak og innvending takpanel ble lagt sommeren 2013. Ny ovn ble satt inn samme \u00e5r. Utenfor hytta st\u00e5r restene av materialer fra den opprinnelige hytta som n\u00e5 er et fredet kulturminne.<\/p>\n\n\n\n<p>Hytta er et kj\u00e6rkomment rekreasjonsm\u00e5l, noe denne <a title=\"Beisarstua ny\u00e5pnet for overnatting.\" href=\"https:\/\/hopenmeteo.no\/?p=1793\">historien <\/a>er et fint bevis for.<\/p>\n\n\n<div class=\"wp-block-image\">\n<figure class=\"alignleft\"><img loading=\"lazy\" decoding=\"async\" width=\"800\" height=\"450\" src=\"https:\/\/hopenmeteo.no\/wp-content\/uploads\/2013\/12\/Beisarstua4.jpg\" alt=\"Beisarstua4\" class=\"wp-image-1033\" srcset=\"https:\/\/hopenmeteo.no\/wp-content\/uploads\/2013\/12\/Beisarstua4.jpg 800w, https:\/\/hopenmeteo.no\/wp-content\/uploads\/2013\/12\/Beisarstua4-300x168.jpg 300w, https:\/\/hopenmeteo.no\/wp-content\/uploads\/2013\/12\/Beisarstua4-500x281.jpg 500w\" sizes=\"auto, (max-width: 800px) 100vw, 800px\" \/><\/figure>\n<\/div>\n\n<div class=\"wp-block-image size-full wp-image-1034\">\n<figure class=\"alignleft\"><img loading=\"lazy\" decoding=\"async\" width=\"800\" height=\"450\" src=\"https:\/\/hopenmeteo.no\/wp-content\/uploads\/2013\/12\/Beisarstua5.jpg\" alt=\"Taket renoveres sommeren 2013\" class=\"wp-image-1034\" srcset=\"https:\/\/hopenmeteo.no\/wp-content\/uploads\/2013\/12\/Beisarstua5.jpg 800w, https:\/\/hopenmeteo.no\/wp-content\/uploads\/2013\/12\/Beisarstua5-300x168.jpg 300w, https:\/\/hopenmeteo.no\/wp-content\/uploads\/2013\/12\/Beisarstua5-500x281.jpg 500w\" sizes=\"auto, (max-width: 800px) 100vw, 800px\" \/><figcaption class=\"wp-element-caption\">Taket renoveres sommeren 2013<\/figcaption><\/figure>\n<\/div>\n\n<div class=\"wp-block-image size-full wp-image-1035\">\n<figure class=\"alignleft\"><img loading=\"lazy\" decoding=\"async\" width=\"800\" height=\"450\" src=\"https:\/\/hopenmeteo.no\/wp-content\/uploads\/2013\/12\/Beisarstua6.jpg\" alt=\"Taket renoveres sommeren 2013\" class=\"wp-image-1035\" srcset=\"https:\/\/hopenmeteo.no\/wp-content\/uploads\/2013\/12\/Beisarstua6.jpg 800w, https:\/\/hopenmeteo.no\/wp-content\/uploads\/2013\/12\/Beisarstua6-300x168.jpg 300w, https:\/\/hopenmeteo.no\/wp-content\/uploads\/2013\/12\/Beisarstua6-500x281.jpg 500w\" sizes=\"auto, (max-width: 800px) 100vw, 800px\" \/><figcaption class=\"wp-element-caption\">Taket renoveres sommeren 2013<\/figcaption><\/figure>\n<\/div>\n\n<div class=\"wp-block-image\">\n<figure class=\"alignleft\"><img loading=\"lazy\" decoding=\"async\" width=\"800\" height=\"450\" src=\"https:\/\/hopenmeteo.no\/wp-content\/uploads\/2013\/12\/Beisarstua1.jpg\" alt=\"Beisarstua1\" class=\"wp-image-1036\" srcset=\"https:\/\/hopenmeteo.no\/wp-content\/uploads\/2013\/12\/Beisarstua1.jpg 800w, https:\/\/hopenmeteo.no\/wp-content\/uploads\/2013\/12\/Beisarstua1-300x168.jpg 300w, https:\/\/hopenmeteo.no\/wp-content\/uploads\/2013\/12\/Beisarstua1-500x281.jpg 500w\" sizes=\"auto, (max-width: 800px) 100vw, 800px\" \/><\/figure>\n<\/div>\n\n<div class=\"wp-block-image\">\n<figure class=\"alignleft\"><img loading=\"lazy\" decoding=\"async\" width=\"800\" height=\"450\" src=\"https:\/\/hopenmeteo.no\/wp-content\/uploads\/2013\/12\/Beisarstua2.jpg\" alt=\"Beisarstua2\" class=\"wp-image-1037\" srcset=\"https:\/\/hopenmeteo.no\/wp-content\/uploads\/2013\/12\/Beisarstua2.jpg 800w, https:\/\/hopenmeteo.no\/wp-content\/uploads\/2013\/12\/Beisarstua2-300x168.jpg 300w, https:\/\/hopenmeteo.no\/wp-content\/uploads\/2013\/12\/Beisarstua2-500x281.jpg 500w\" sizes=\"auto, (max-width: 800px) 100vw, 800px\" \/><\/figure>\n<\/div>\n\n<div class=\"wp-block-image\">\n<figure class=\"alignleft\"><img loading=\"lazy\" decoding=\"async\" width=\"800\" height=\"450\" src=\"https:\/\/hopenmeteo.no\/wp-content\/uploads\/2013\/12\/Beisarstua3.jpg\" alt=\"Beisarstua3\" class=\"wp-image-1038\" srcset=\"https:\/\/hopenmeteo.no\/wp-content\/uploads\/2013\/12\/Beisarstua3.jpg 800w, https:\/\/hopenmeteo.no\/wp-content\/uploads\/2013\/12\/Beisarstua3-300x168.jpg 300w, https:\/\/hopenmeteo.no\/wp-content\/uploads\/2013\/12\/Beisarstua3-500x281.jpg 500w\" sizes=\"auto, (max-width: 800px) 100vw, 800px\" \/><\/figure>\n<\/div>\n\n\n<p>  <br \/>\n<script type=\"text\/javascript\"> end9_() <\/script><br \/>\n<script type=\"text\/javascript\"> end618_() <\/script><\/p>\n","protected":false},"excerpt":{"rendered":"<p>Beisarstua st\u00e5r p\u00e5 brinken p\u00e5 \u00f8stsiden av Braastadskaret. Hytta ble tidligere kalt Nordhytta og ble f\u00f8rst satt opp i 1923 som fangsthytte. Den ble revet og bygget opp p\u00e5 nytt i 1973 og er blitt restaurert de siste \u00e5rene Ny isolasjon p\u00e5 tak og innvending takpanel ble lagt sommeren 2013. Ny ovn ble satt inn samme \u00e5r. Utenfor hytta st\u00e5r restene av materialer fra den opprinnelige hytta som n\u00e5 er et fredet kulturminne. Hytta er et kj\u00e6rkomment rekreasjonsm\u00e5l, noe denne historien er et fint bevis for.<\/p>\n","protected":false},"author":2,"featured_media":0,"parent":0,"menu_order":0,"comment_status":"open","ping_status":"open","template":"","meta":{"footnotes":""},"class_list":["post-1032","page","type-page","status-publish","hentry"],"_links":{"self":[{"href":"https:\/\/hopenmeteo.no\/index.php?rest_route=\/wp\/v2\/pages\/1032","targetHints":{"allow":["GET"]}}],"collection":[{"href":"https:\/\/hopenmeteo.no\/index.php?rest_route=\/wp\/v2\/pages"}],"about":[{"href":"https:\/\/hopenmeteo.no\/index.php?rest_route=\/wp\/v2\/types\/page"}],"author":[{"embeddable":true,"href":"https:\/\/hopenmeteo.no\/index.php?rest_route=\/wp\/v2\/users\/2"}],"replies":[{"embeddable":true,"href":"https:\/\/hopenmeteo.no\/index.php?rest_route=%2Fwp%2Fv2%2Fcomments&post=1032"}],"version-history":[{"count":4,"href":"https:\/\/hopenmeteo.no\/index.php?rest_route=\/wp\/v2\/pages\/1032\/revisions"}],"predecessor-version":[{"id":7981,"href":"https:\/\/hopenmeteo.no\/index.php?rest_route=\/wp\/v2\/pages\/1032\/revisions\/7981"}],"wp:attachment":[{"href":"https:\/\/hopenmeteo.no\/index.php?rest_route=%2Fwp%2Fv2%2Fmedia&parent=1032"}],"curies":[{"name":"wp","href":"https:\/\/api.w.org\/{rel}","templated":true}]}}