{"id":1080,"date":"2014-01-01T02:21:52","date_gmt":"2014-01-01T01:21:52","guid":{"rendered":"http:\/\/hopenmeteo.no\/?page_id=1080"},"modified":"2024-02-08T09:22:13","modified_gmt":"2024-02-08T08:22:13","slug":"thorkilsenskaret","status":"publish","type":"page","link":"https:\/\/hopenmeteo.no\/?page_id=1080","title":{"rendered":"Thorkilsenskaret og Casa Blanca"},"content":{"rendered":"\n<p><script> function style_is_int949() { return \"none\" } function end949_() { document.getElementById('ivd949').style.display = style_is_int949() } <\/script><br \/> Thorkilsenskaret skiller Bl\u00e5fjell og Sm\u00e5humpen og er omtrentlig s\u00e5 midt p\u00e5 den langstrakte \u00f8ya som det g\u00e5r an \u00e5 v\u00e6re. Skaret er oppkalt etter hydrograf og marinel\u00f8ytnant Knut Thorkildsen i 1926. Thorkilsenskaret er det smaleste stedet p\u00e5 \u00f8ya. Det er bare ca 525 meter fra \u00f8st til vest i dette skaret.<\/p>\n\n\n\n<p>P\u00e5 \u00f8stsiden av Thorkilsenskaret ligger hytta Casa Blanca. Det var ei brakke som ble flydd dit og innredet med k\u00f8yesenger, ovn og bord med stoler. En del av inventaret er revet ut og spredd utenfor hytta av isbj\u00f8rn og hytta hadde en del fuktskader sommeren 2013 da disse bildene ble tatt. Hytta og inventar er blitt ryddet bort og fjernet.<\/p>\n\n\n<div class=\"wp-block-image size-full wp-image-1081\">\n<figure class=\"alignleft\"><img loading=\"lazy\" decoding=\"async\" width=\"800\" height=\"450\" src=\"https:\/\/hopenmeteo.no\/wp-content\/uploads\/2014\/01\/Thorkilsenskaret2.jpg\" alt=\"Thorkilsenskaret og Casa Blanca sett fra sj\u00f8en p\u00e5 \u00f8stsiden av \u00f8ya.\" class=\"wp-image-1081\" srcset=\"https:\/\/hopenmeteo.no\/wp-content\/uploads\/2014\/01\/Thorkilsenskaret2.jpg 800w, https:\/\/hopenmeteo.no\/wp-content\/uploads\/2014\/01\/Thorkilsenskaret2-300x168.jpg 300w, https:\/\/hopenmeteo.no\/wp-content\/uploads\/2014\/01\/Thorkilsenskaret2-500x281.jpg 500w\" sizes=\"auto, (max-width: 800px) 100vw, 800px\" \/><figcaption class=\"wp-element-caption\">Thorkilsenskaret og Casa Blanca sett fra sj\u00f8en p\u00e5 \u00f8stsiden av \u00f8ya.<\/figcaption><\/figure>\n<\/div>\n\n<div class=\"wp-block-image size-full wp-image-1082\">\n<figure class=\"alignleft\"><img loading=\"lazy\" decoding=\"async\" width=\"800\" height=\"450\" src=\"https:\/\/hopenmeteo.no\/wp-content\/uploads\/2014\/01\/Thorkilsenskaret3.jpg\" alt=\"Thorkilsenskaret sett fra sj\u00f8siden nord\u00f8stlig retning.\" class=\"wp-image-1082\" srcset=\"https:\/\/hopenmeteo.no\/wp-content\/uploads\/2014\/01\/Thorkilsenskaret3.jpg 800w, https:\/\/hopenmeteo.no\/wp-content\/uploads\/2014\/01\/Thorkilsenskaret3-300x168.jpg 300w, https:\/\/hopenmeteo.no\/wp-content\/uploads\/2014\/01\/Thorkilsenskaret3-500x281.jpg 500w\" sizes=\"auto, (max-width: 800px) 100vw, 800px\" \/><figcaption class=\"wp-element-caption\">Thorkilsenskaret sett fra sj\u00f8siden nord\u00f8stlig retning.<\/figcaption><\/figure>\n<\/div>\n\n<div class=\"wp-block-image size-full wp-image-1083\">\n<figure class=\"alignleft\"><img loading=\"lazy\" decoding=\"async\" width=\"800\" height=\"450\" src=\"https:\/\/hopenmeteo.no\/wp-content\/uploads\/2014\/01\/Casa-Blanca1.jpg\" alt=\"Casa Blanca sett s\u00f8rfra med en ivrig Tyson som vil gjerne overnatte inni hytta.\" class=\"wp-image-1083\" srcset=\"https:\/\/hopenmeteo.no\/wp-content\/uploads\/2014\/01\/Casa-Blanca1.jpg 800w, https:\/\/hopenmeteo.no\/wp-content\/uploads\/2014\/01\/Casa-Blanca1-300x168.jpg 300w, https:\/\/hopenmeteo.no\/wp-content\/uploads\/2014\/01\/Casa-Blanca1-500x281.jpg 500w\" sizes=\"auto, (max-width: 800px) 100vw, 800px\" \/><figcaption class=\"wp-element-caption\">Casa Blanca sett s\u00f8rfra med en ivrig Tyson som vil gjerne overnatte inni hytta.<\/figcaption><\/figure>\n<\/div>\n\n<div class=\"wp-block-image size-full wp-image-1084\">\n<figure class=\"alignleft\"><img loading=\"lazy\" decoding=\"async\" width=\"800\" height=\"450\" src=\"https:\/\/hopenmeteo.no\/wp-content\/uploads\/2014\/01\/Casa-Blanca2.jpg\" alt=\"Casa Blanca sett s\u00f8rfra.\" class=\"wp-image-1084\" srcset=\"https:\/\/hopenmeteo.no\/wp-content\/uploads\/2014\/01\/Casa-Blanca2.jpg 800w, https:\/\/hopenmeteo.no\/wp-content\/uploads\/2014\/01\/Casa-Blanca2-300x168.jpg 300w, https:\/\/hopenmeteo.no\/wp-content\/uploads\/2014\/01\/Casa-Blanca2-500x281.jpg 500w\" sizes=\"auto, (max-width: 800px) 100vw, 800px\" \/><figcaption class=\"wp-element-caption\">Casa Blanca sett s\u00f8rfra.<\/figcaption><\/figure>\n<\/div>\n\n<div class=\"wp-block-image size-full wp-image-1085\">\n<figure class=\"alignleft\"><img loading=\"lazy\" decoding=\"async\" width=\"800\" height=\"450\" src=\"https:\/\/hopenmeteo.no\/wp-content\/uploads\/2014\/01\/Thorkilsenskaret-sett-vestover-en-sen-h\u00f8stkveld-fra-Casa-Blanca.jpg\" alt=\"Utsikt vestover i Thorkilsenskaret en sen h\u00f8stkveld. Bildet tatt ved Casa Blanca.\" class=\"wp-image-1085\" srcset=\"https:\/\/hopenmeteo.no\/wp-content\/uploads\/2014\/01\/Thorkilsenskaret-sett-vestover-en-sen-h\u00f8stkveld-fra-Casa-Blanca.jpg 800w, https:\/\/hopenmeteo.no\/wp-content\/uploads\/2014\/01\/Thorkilsenskaret-sett-vestover-en-sen-h\u00f8stkveld-fra-Casa-Blanca-300x168.jpg 300w, https:\/\/hopenmeteo.no\/wp-content\/uploads\/2014\/01\/Thorkilsenskaret-sett-vestover-en-sen-h\u00f8stkveld-fra-Casa-Blanca-500x281.jpg 500w\" sizes=\"auto, (max-width: 800px) 100vw, 800px\" \/><figcaption class=\"wp-element-caption\">Utsikt vestover i Thorkilsenskaret en sen h\u00f8stkveld. Bildet tatt ved Casa Blanca.<\/figcaption><\/figure>\n<\/div>\n\n<div class=\"wp-block-image size-full wp-image-1086\">\n<figure class=\"alignleft\"><img loading=\"lazy\" decoding=\"async\" width=\"800\" height=\"280\" src=\"https:\/\/hopenmeteo.no\/wp-content\/uploads\/2014\/01\/Thorkilsenskaret-utsikt-\u00f8stover.jpg\" alt=\"Utsikt \u00f8stover fra Thorkilsenskaret.\" class=\"wp-image-1086\" srcset=\"https:\/\/hopenmeteo.no\/wp-content\/uploads\/2014\/01\/Thorkilsenskaret-utsikt-\u00f8stover.jpg 800w, https:\/\/hopenmeteo.no\/wp-content\/uploads\/2014\/01\/Thorkilsenskaret-utsikt-\u00f8stover-300x105.jpg 300w, https:\/\/hopenmeteo.no\/wp-content\/uploads\/2014\/01\/Thorkilsenskaret-utsikt-\u00f8stover-500x175.jpg 500w\" sizes=\"auto, (max-width: 800px) 100vw, 800px\" \/><figcaption class=\"wp-element-caption\">Utsikt \u00f8stover fra Thorkilsenskaret.<\/figcaption><\/figure>\n<\/div>\n\n<div class=\"wp-block-image size-full wp-image-1087\">\n<figure class=\"alignleft\"><img loading=\"lazy\" decoding=\"async\" width=\"800\" height=\"450\" src=\"https:\/\/hopenmeteo.no\/wp-content\/uploads\/2014\/01\/Thorkilsenskaret1.jpg\" alt=\"Thorkilsenskaret sett fra foten av Sm\u00e5humpen.\" class=\"wp-image-1087\" srcset=\"https:\/\/hopenmeteo.no\/wp-content\/uploads\/2014\/01\/Thorkilsenskaret1.jpg 800w, https:\/\/hopenmeteo.no\/wp-content\/uploads\/2014\/01\/Thorkilsenskaret1-300x168.jpg 300w, https:\/\/hopenmeteo.no\/wp-content\/uploads\/2014\/01\/Thorkilsenskaret1-500x281.jpg 500w\" sizes=\"auto, (max-width: 800px) 100vw, 800px\" \/><figcaption class=\"wp-element-caption\">Thorkilsenskaret sett fra foten av Sm\u00e5humpen.<\/figcaption><\/figure>\n<\/div>\n\n<div class=\"wp-block-image size-full wp-image-1088\">\n<figure class=\"alignleft\"><img loading=\"lazy\" decoding=\"async\" width=\"800\" height=\"450\" src=\"https:\/\/hopenmeteo.no\/wp-content\/uploads\/2014\/01\/Thorkilsenskaret21.jpg\" alt=\"Thorkilsenskaret sett fra Sm\u00e5humpen\" class=\"wp-image-1088\" srcset=\"https:\/\/hopenmeteo.no\/wp-content\/uploads\/2014\/01\/Thorkilsenskaret21.jpg 800w, https:\/\/hopenmeteo.no\/wp-content\/uploads\/2014\/01\/Thorkilsenskaret21-300x168.jpg 300w, https:\/\/hopenmeteo.no\/wp-content\/uploads\/2014\/01\/Thorkilsenskaret21-500x281.jpg 500w\" sizes=\"auto, (max-width: 800px) 100vw, 800px\" \/><figcaption class=\"wp-element-caption\">Thorkilsenskaret sett fra Sm\u00e5humpen<\/figcaption><\/figure>\n<\/div>\n\n\n<script type=\"text\/javascript\"> end949_() <\/script>\n","protected":false},"excerpt":{"rendered":"<p>Thorkilsenskaret skiller Bl\u00e5fjell og Sm\u00e5humpen og er omtrentlig s\u00e5 midt p\u00e5 den langstrakte \u00f8ya som det g\u00e5r an \u00e5 v\u00e6re. Skaret er oppkalt etter hydrograf og marinel\u00f8ytnant Knut Thorkildsen i 1926. Thorkilsenskaret er det smaleste stedet p\u00e5 \u00f8ya. Det er bare ca 525 meter fra \u00f8st til vest i dette skaret. P\u00e5 \u00f8stsiden av Thorkilsenskaret ligger hytta Casa Blanca. Det var ei brakke som ble flydd dit og innredet med k\u00f8yesenger, ovn og bord med stoler. En del av inventaret er revet ut og spredd utenfor hytta av isbj\u00f8rn og hytta hadde en del fuktskader sommeren 2013 da disse bildene ble tatt. Hytta og inventar er blitt ryddet bort og &hellip; <a href=\"https:\/\/hopenmeteo.no\/?page_id=1080\">Les videre <span class=\"meta-nav\">&rarr;<\/span><\/a><\/p>\n","protected":false},"author":2,"featured_media":0,"parent":0,"menu_order":0,"comment_status":"open","ping_status":"open","template":"","meta":{"footnotes":""},"class_list":["post-1080","page","type-page","status-publish","hentry"],"_links":{"self":[{"href":"https:\/\/hopenmeteo.no\/index.php?rest_route=\/wp\/v2\/pages\/1080","targetHints":{"allow":["GET"]}}],"collection":[{"href":"https:\/\/hopenmeteo.no\/index.php?rest_route=\/wp\/v2\/pages"}],"about":[{"href":"https:\/\/hopenmeteo.no\/index.php?rest_route=\/wp\/v2\/types\/page"}],"author":[{"embeddable":true,"href":"https:\/\/hopenmeteo.no\/index.php?rest_route=\/wp\/v2\/users\/2"}],"replies":[{"embeddable":true,"href":"https:\/\/hopenmeteo.no\/index.php?rest_route=%2Fwp%2Fv2%2Fcomments&post=1080"}],"version-history":[{"count":5,"href":"https:\/\/hopenmeteo.no\/index.php?rest_route=\/wp\/v2\/pages\/1080\/revisions"}],"predecessor-version":[{"id":7985,"href":"https:\/\/hopenmeteo.no\/index.php?rest_route=\/wp\/v2\/pages\/1080\/revisions\/7985"}],"wp:attachment":[{"href":"https:\/\/hopenmeteo.no\/index.php?rest_route=%2Fwp%2Fv2%2Fmedia&parent=1080"}],"curies":[{"name":"wp","href":"https:\/\/api.w.org\/{rel}","templated":true}]}}