{"id":1326,"date":"2014-01-04T23:22:44","date_gmt":"2014-01-04T22:22:44","guid":{"rendered":"http:\/\/hopenmeteo.no\/?page_id=1326"},"modified":"2024-02-08T09:53:13","modified_gmt":"2024-02-08T08:53:13","slug":"bjornsletta","status":"publish","type":"page","link":"https:\/\/hopenmeteo.no\/?page_id=1326","title":{"rendered":"Bj\u00f8rnsletta"},"content":{"rendered":"\n<p>Bj\u00f8rnsletta ligger avgrenset i skaret mellom stasjonen i <a title=\"Husdalen\" href=\"https:\/\/hopenmeteo.no\/?page_id=1435\">Husdalen <\/a>og <a title=\"Johshytta\" href=\"https:\/\/hopenmeteo.no\/?page_id=1319\">Johshytta <\/a>p\u00e5 <a title=\"Bj\u00f8rnstranda\" href=\"https:\/\/hopenmeteo.no\/?page_id=1302\">Bj\u00f8rnstranda <\/a>i \u00f8st-vest-retning og mellom <a title=\"Werenskioldfjellet\" href=\"https:\/\/hopenmeteo.no\/?page_id=1463\">Werenskioldfjellet <\/a>og <a title=\"Kollerfjellet\" href=\"https:\/\/hopenmeteo.no\/?page_id=1256\">Kollerfjellet <\/a>i s\u00f8r-nord-retning. P\u00e5 \u00f8st- og vestsiden er det bratte skr\u00e5ninger p\u00e5 20-40 meters h\u00f8yde, avbrutt av et stort skar p\u00e5 vestsiden, <a title=\"Marmadukeskaret\" href=\"https:\/\/hopenmeteo.no\/?page_id=1492\">Marmadukeskaret<\/a>, og nordre og s\u00f8ndre Husdalsbekker p\u00e5 \u00f8stsiden. Et mindre skar med en bekk g\u00e5r parallelt med Marmadukeskaret, men n\u00e6rmere Werenskioldfjellet. Sletta har en del v\u00e5tomr\u00e5der med avrenning fra smeltende sn\u00f8fonner og frost i begge fjellsidene. Dette gj\u00f8r at det er ofte sumpete \u00e5 g\u00e5 der.<\/p>\n\n\n<div class=\"wp-block-image size-full wp-image-1738\">\n<figure class=\"alignleft\"><img loading=\"lazy\" decoding=\"async\" width=\"800\" height=\"533\" src=\"https:\/\/hopenmeteo.no\/wp-content\/uploads\/2014\/01\/Bj\u00f8rnsletta-fra-vest.jpg\" alt=\"Bj\u00f8rnsletta sett fra KV Svalbard i juni 2013. Det er tydelig \u00e5 se at den ligger i et skar mellom Werenskioldfjellet i s\u00f8r og Kollerfjellet i nord.\" class=\"wp-image-1738\" srcset=\"https:\/\/hopenmeteo.no\/wp-content\/uploads\/2014\/01\/Bj\u00f8rnsletta-fra-vest.jpg 800w, https:\/\/hopenmeteo.no\/wp-content\/uploads\/2014\/01\/Bj\u00f8rnsletta-fra-vest-300x199.jpg 300w, https:\/\/hopenmeteo.no\/wp-content\/uploads\/2014\/01\/Bj\u00f8rnsletta-fra-vest-450x300.jpg 450w\" sizes=\"auto, (max-width: 800px) 100vw, 800px\" \/><figcaption class=\"wp-element-caption\">Bj\u00f8rnsletta sett fra KV Svalbard i juni 2013 . Det er tydelig \u00e5 se at den ligger i et skar mellom Werenskioldfjellet i s\u00f8r og Kollerfjellet i nord.<\/figcaption><\/figure>\n<\/div>\n\n<div class=\"wp-block-image size-full wp-image-1327\">\n<figure class=\"alignleft\"><img loading=\"lazy\" decoding=\"async\" width=\"800\" height=\"600\" src=\"https:\/\/hopenmeteo.no\/wp-content\/uploads\/2014\/01\/Bj\u00f8rnsletta-og-Husdalen.jpg\" alt=\"Bj\u00f8rnsletta sett fra Sea King fra 330 skv over Werenskioldfjellet.\" class=\"wp-image-1327\" srcset=\"https:\/\/hopenmeteo.no\/wp-content\/uploads\/2014\/01\/Bj\u00f8rnsletta-og-Husdalen.jpg 800w, https:\/\/hopenmeteo.no\/wp-content\/uploads\/2014\/01\/Bj\u00f8rnsletta-og-Husdalen-300x225.jpg 300w, https:\/\/hopenmeteo.no\/wp-content\/uploads\/2014\/01\/Bj\u00f8rnsletta-og-Husdalen-400x300.jpg 400w\" sizes=\"auto, (max-width: 800px) 100vw, 800px\" \/><figcaption class=\"wp-element-caption\">Bj\u00f8rnsletta sett fra Sea King fra 330 skv over Werenskioldfjellet.<\/figcaption><\/figure>\n<\/div>\n\n<div class=\"wp-block-image size-full wp-image-1334\">\n<figure class=\"alignleft\"><img loading=\"lazy\" decoding=\"async\" width=\"800\" height=\"450\" src=\"https:\/\/hopenmeteo.no\/wp-content\/uploads\/2014\/01\/Bj\u00f8rnsletta6.jpg\" alt=\"\u00d8stdelen av Bj\u00f8rnsletta med l\u00f8pene for b\u00e5de nordre og s\u00f8ndre Husbekk.\" class=\"wp-image-1334\" srcset=\"https:\/\/hopenmeteo.no\/wp-content\/uploads\/2014\/01\/Bj\u00f8rnsletta6.jpg 800w, https:\/\/hopenmeteo.no\/wp-content\/uploads\/2014\/01\/Bj\u00f8rnsletta6-300x168.jpg 300w, https:\/\/hopenmeteo.no\/wp-content\/uploads\/2014\/01\/Bj\u00f8rnsletta6-500x281.jpg 500w\" sizes=\"auto, (max-width: 800px) 100vw, 800px\" \/><figcaption class=\"wp-element-caption\">\u00d8stdelen av Bj\u00f8rnsletta med l\u00f8pene for b\u00e5de nordre og s\u00f8ndre Husbekk.<\/figcaption><\/figure>\n<\/div>\n\n<div class=\"wp-block-image size-full wp-image-1333\">\n<figure class=\"alignleft\"><img loading=\"lazy\" decoding=\"async\" width=\"800\" height=\"450\" src=\"https:\/\/hopenmeteo.no\/wp-content\/uploads\/2014\/01\/Bj\u00f8rnsletta5.jpg\" alt=\"Midtdelen av Bj\u00f8rnsletta\" class=\"wp-image-1333\" srcset=\"https:\/\/hopenmeteo.no\/wp-content\/uploads\/2014\/01\/Bj\u00f8rnsletta5.jpg 800w, https:\/\/hopenmeteo.no\/wp-content\/uploads\/2014\/01\/Bj\u00f8rnsletta5-300x168.jpg 300w, https:\/\/hopenmeteo.no\/wp-content\/uploads\/2014\/01\/Bj\u00f8rnsletta5-500x281.jpg 500w\" sizes=\"auto, (max-width: 800px) 100vw, 800px\" \/><figcaption class=\"wp-element-caption\">Midtdelen av Bj\u00f8rnsletta<\/figcaption><\/figure>\n<\/div>\n\n<div class=\"wp-block-image size-full wp-image-1332\">\n<figure class=\"alignleft\"><img loading=\"lazy\" decoding=\"async\" width=\"800\" height=\"450\" src=\"https:\/\/hopenmeteo.no\/wp-content\/uploads\/2014\/01\/Bj\u00f8rnsletta4.jpg\" alt=\"Vestdelen av sletta med begynnelsen av Marmadukeskaret.\" class=\"wp-image-1332\" srcset=\"https:\/\/hopenmeteo.no\/wp-content\/uploads\/2014\/01\/Bj\u00f8rnsletta4.jpg 800w, https:\/\/hopenmeteo.no\/wp-content\/uploads\/2014\/01\/Bj\u00f8rnsletta4-300x168.jpg 300w, https:\/\/hopenmeteo.no\/wp-content\/uploads\/2014\/01\/Bj\u00f8rnsletta4-500x281.jpg 500w\" sizes=\"auto, (max-width: 800px) 100vw, 800px\" \/><figcaption class=\"wp-element-caption\">Vestdelen av sletta med begynnelsen av Marmadukeskaret.<\/figcaption><\/figure>\n<\/div>\n\n<div class=\"wp-block-image size-full wp-image-1331\">\n<figure class=\"alignleft\"><img loading=\"lazy\" decoding=\"async\" width=\"800\" height=\"450\" src=\"https:\/\/hopenmeteo.no\/wp-content\/uploads\/2014\/01\/Bj\u00f8rnsletta3.jpg\" alt=\"Marmadukeskarets begynnelse p\u00e5 vestsiden av Bj\u00f8rnsletta.\" class=\"wp-image-1331\" srcset=\"https:\/\/hopenmeteo.no\/wp-content\/uploads\/2014\/01\/Bj\u00f8rnsletta3.jpg 800w, https:\/\/hopenmeteo.no\/wp-content\/uploads\/2014\/01\/Bj\u00f8rnsletta3-300x168.jpg 300w, https:\/\/hopenmeteo.no\/wp-content\/uploads\/2014\/01\/Bj\u00f8rnsletta3-500x281.jpg 500w\" sizes=\"auto, (max-width: 800px) 100vw, 800px\" \/><figcaption class=\"wp-element-caption\">Marmadukeskarets begynnelse p\u00e5 vestsiden av Bj\u00f8rnsletta.<\/figcaption><\/figure>\n<\/div>\n\n<div class=\"wp-block-image size-full wp-image-1330\">\n<figure class=\"alignleft\"><img loading=\"lazy\" decoding=\"async\" width=\"800\" height=\"533\" src=\"https:\/\/hopenmeteo.no\/wp-content\/uploads\/2014\/01\/Bj\u00f8rnsletta2.jpg\" alt=\"Rester etter fangsfeller og annet t\u00f8mmer ligger her og der opp\u00e5 sletta.\" class=\"wp-image-1330\" srcset=\"https:\/\/hopenmeteo.no\/wp-content\/uploads\/2014\/01\/Bj\u00f8rnsletta2.jpg 800w, https:\/\/hopenmeteo.no\/wp-content\/uploads\/2014\/01\/Bj\u00f8rnsletta2-300x199.jpg 300w, https:\/\/hopenmeteo.no\/wp-content\/uploads\/2014\/01\/Bj\u00f8rnsletta2-450x300.jpg 450w\" sizes=\"auto, (max-width: 800px) 100vw, 800px\" \/><figcaption class=\"wp-element-caption\">Rester etter fangsfeller og annet t\u00f8mmer ligger her og der opp\u00e5 sletta.<\/figcaption><\/figure>\n<\/div>\n\n<div class=\"wp-block-image size-full wp-image-1329\">\n<figure class=\"alignleft\"><img loading=\"lazy\" decoding=\"async\" width=\"800\" height=\"533\" src=\"https:\/\/hopenmeteo.no\/wp-content\/uploads\/2014\/01\/Bj\u00f8rnsletta1.jpg\" alt=\"Retning vest p\u00e5 Bj\u00f8rnsletta.\" class=\"wp-image-1329\" srcset=\"https:\/\/hopenmeteo.no\/wp-content\/uploads\/2014\/01\/Bj\u00f8rnsletta1.jpg 800w, https:\/\/hopenmeteo.no\/wp-content\/uploads\/2014\/01\/Bj\u00f8rnsletta1-300x199.jpg 300w, https:\/\/hopenmeteo.no\/wp-content\/uploads\/2014\/01\/Bj\u00f8rnsletta1-450x300.jpg 450w\" sizes=\"auto, (max-width: 800px) 100vw, 800px\" \/><figcaption class=\"wp-element-caption\">Retning vest p\u00e5 Bj\u00f8rnsletta.<\/figcaption><\/figure>\n<\/div>\n\n<div class=\"wp-block-image size-full wp-image-1328\">\n<figure class=\"alignleft\"><img loading=\"lazy\" decoding=\"async\" width=\"800\" height=\"600\" src=\"https:\/\/hopenmeteo.no\/wp-content\/uploads\/2014\/01\/Johshytta-og-Bj\u00f8rnsletta.jpg\" alt=\"Sletta ovenfor Johshytta.\" class=\"wp-image-1328\" srcset=\"https:\/\/hopenmeteo.no\/wp-content\/uploads\/2014\/01\/Johshytta-og-Bj\u00f8rnsletta.jpg 800w, https:\/\/hopenmeteo.no\/wp-content\/uploads\/2014\/01\/Johshytta-og-Bj\u00f8rnsletta-300x225.jpg 300w, https:\/\/hopenmeteo.no\/wp-content\/uploads\/2014\/01\/Johshytta-og-Bj\u00f8rnsletta-400x300.jpg 400w\" sizes=\"auto, (max-width: 800px) 100vw, 800px\" \/><figcaption class=\"wp-element-caption\">Sletta ovenfor Johshytta.<\/figcaption><\/figure>\n<\/div>","protected":false},"excerpt":{"rendered":"<p>Bj\u00f8rnsletta ligger avgrenset i skaret mellom stasjonen i Husdalen og Johshytta p\u00e5 Bj\u00f8rnstranda i \u00f8st-vest-retning og mellom Werenskioldfjellet og Kollerfjellet i s\u00f8r-nord-retning. P\u00e5 \u00f8st- og vestsiden er det bratte skr\u00e5ninger p\u00e5 20-40 meters h\u00f8yde, avbrutt av et stort skar p\u00e5 vestsiden, Marmadukeskaret, og nordre og s\u00f8ndre Husdalsbekker p\u00e5 \u00f8stsiden. Et mindre skar med en bekk g\u00e5r parallelt med Marmadukeskaret, men n\u00e6rmere Werenskioldfjellet. Sletta har en del v\u00e5tomr\u00e5der med avrenning fra smeltende sn\u00f8fonner og frost i begge fjellsidene. Dette gj\u00f8r at det er ofte sumpete \u00e5 g\u00e5 der.<\/p>\n","protected":false},"author":2,"featured_media":0,"parent":0,"menu_order":0,"comment_status":"open","ping_status":"open","template":"","meta":{"footnotes":""},"class_list":["post-1326","page","type-page","status-publish","hentry"],"_links":{"self":[{"href":"https:\/\/hopenmeteo.no\/index.php?rest_route=\/wp\/v2\/pages\/1326","targetHints":{"allow":["GET"]}}],"collection":[{"href":"https:\/\/hopenmeteo.no\/index.php?rest_route=\/wp\/v2\/pages"}],"about":[{"href":"https:\/\/hopenmeteo.no\/index.php?rest_route=\/wp\/v2\/types\/page"}],"author":[{"embeddable":true,"href":"https:\/\/hopenmeteo.no\/index.php?rest_route=\/wp\/v2\/users\/2"}],"replies":[{"embeddable":true,"href":"https:\/\/hopenmeteo.no\/index.php?rest_route=%2Fwp%2Fv2%2Fcomments&post=1326"}],"version-history":[{"count":4,"href":"https:\/\/hopenmeteo.no\/index.php?rest_route=\/wp\/v2\/pages\/1326\/revisions"}],"predecessor-version":[{"id":8010,"href":"https:\/\/hopenmeteo.no\/index.php?rest_route=\/wp\/v2\/pages\/1326\/revisions\/8010"}],"wp:attachment":[{"href":"https:\/\/hopenmeteo.no\/index.php?rest_route=%2Fwp%2Fv2%2Fmedia&parent=1326"}],"curies":[{"name":"wp","href":"https:\/\/api.w.org\/{rel}","templated":true}]}}