{"id":1558,"date":"2014-02-17T22:45:09","date_gmt":"2014-02-17T21:45:09","guid":{"rendered":"http:\/\/hopenmeteo.no\/?page_id=1558"},"modified":"2024-02-09T08:07:33","modified_gmt":"2024-02-09T07:07:33","slug":"malmskaret","status":"publish","type":"page","link":"https:\/\/hopenmeteo.no\/?page_id=1558","title":{"rendered":"Malmskaret"},"content":{"rendered":"\n<p>Under nordsiden av den nordlige toppen av Iversenfjellet g\u00e5r et skar nord\u00f8st og ender ganske bratt ned p\u00e5 stranda i <a title=\"Tovikbukta\" href=\"https:\/\/hopenmeteo.no\/?page_id=1564\">Tovikbukta<\/a>. Skaret er oppkalt etter stuert Per Inge Malm som tjenestegjorde flere ganger p\u00e5 stasjonen. Navnet ble gitt i 1984. Malmskaret er en grei, men bratt sti for dem som vil opp p\u00e5 <a title=\"Iversenfjellet\" href=\"https:\/\/hopenmeteo.no\/?page_id=1584\">Iversenfjellet<\/a>. Det er mye lettere \u00e5 g\u00e5 opp ved <a title=\"Bekkeskaret\" href=\"https:\/\/hopenmeteo.no\/?page_id=1541\">Bekkeskaret<\/a>, rett vest og s\u00e5 dreie mot s\u00f8r-s\u00f8rvest n\u00e5r en har kommet opp p\u00e5 det f\u00f8rste plat\u00e5et. Da passere enn p\u00e5 nordsiden av Malmskaret og har et lett parti \u00e5 forsere bort til foten Iversenfjellet.<\/p>\n\n\n<div class=\"wp-block-image size-full wp-image-1559\">\n<figure class=\"alignleft\"><img loading=\"lazy\" decoding=\"async\" width=\"800\" height=\"450\" src=\"https:\/\/hopenmeteo.no\/wp-content\/uploads\/2014\/02\/Malmskaret1.jpg\" alt=\"Malmskaret kneiser majestetisk opp fra stranda ved Tovikbukta.\" class=\"wp-image-1559\" srcset=\"https:\/\/hopenmeteo.no\/wp-content\/uploads\/2014\/02\/Malmskaret1.jpg 800w, https:\/\/hopenmeteo.no\/wp-content\/uploads\/2014\/02\/Malmskaret1-300x168.jpg 300w, https:\/\/hopenmeteo.no\/wp-content\/uploads\/2014\/02\/Malmskaret1-500x281.jpg 500w\" sizes=\"auto, (max-width: 800px) 100vw, 800px\" \/><figcaption class=\"wp-element-caption\">Malmskaret kneiser majestetisk opp fra stranda ved Tovikbukta.<\/figcaption><\/figure>\n<\/div>\n\n<div class=\"wp-block-image size-full wp-image-1560\">\n<figure class=\"alignleft\"><img loading=\"lazy\" decoding=\"async\" width=\"800\" height=\"450\" src=\"https:\/\/hopenmeteo.no\/wp-content\/uploads\/2014\/02\/Malmskaret2.jpg\" alt=\"Iversens nord\u00f8stlige del i bakgrunnen.\" class=\"wp-image-1560\" srcset=\"https:\/\/hopenmeteo.no\/wp-content\/uploads\/2014\/02\/Malmskaret2.jpg 800w, https:\/\/hopenmeteo.no\/wp-content\/uploads\/2014\/02\/Malmskaret2-300x168.jpg 300w, https:\/\/hopenmeteo.no\/wp-content\/uploads\/2014\/02\/Malmskaret2-500x281.jpg 500w\" sizes=\"auto, (max-width: 800px) 100vw, 800px\" \/><figcaption class=\"wp-element-caption\">Iversens nord\u00f8stlige del i bakgrunnen.<\/figcaption><\/figure>\n<\/div>\n\n<div class=\"wp-block-image size-full wp-image-1561\">\n<figure class=\"alignleft\"><img loading=\"lazy\" decoding=\"async\" width=\"800\" height=\"450\" src=\"https:\/\/hopenmeteo.no\/wp-content\/uploads\/2014\/02\/Malmskaret3.jpg\" alt=\"Malmskaret gj\u00f8r ikke s\u00e5 mye ut av seg sett ovenfra ved foten av Iversenfjellet. og plat\u00e5et ovenfor skaret.\" class=\"wp-image-1561\" srcset=\"https:\/\/hopenmeteo.no\/wp-content\/uploads\/2014\/02\/Malmskaret3.jpg 800w, https:\/\/hopenmeteo.no\/wp-content\/uploads\/2014\/02\/Malmskaret3-300x168.jpg 300w, https:\/\/hopenmeteo.no\/wp-content\/uploads\/2014\/02\/Malmskaret3-500x281.jpg 500w\" sizes=\"auto, (max-width: 800px) 100vw, 800px\" \/><figcaption class=\"wp-element-caption\">Malmskaret gj\u00f8r ikke s\u00e5 mye ut av seg sett ovenfra ved foten av Iversenfjellet. og plat\u00e5et ovenfor skaret.<\/figcaption><\/figure>\n<\/div>\n\n<div class=\"wp-block-image\">\n<figure class=\"alignleft\"><img loading=\"lazy\" decoding=\"async\" width=\"800\" height=\"450\" src=\"https:\/\/hopenmeteo.no\/wp-content\/uploads\/2014\/02\/Malmskaret4.jpg\" alt=\"Malmskaret4\" class=\"wp-image-1562\" srcset=\"https:\/\/hopenmeteo.no\/wp-content\/uploads\/2014\/02\/Malmskaret4.jpg 800w, https:\/\/hopenmeteo.no\/wp-content\/uploads\/2014\/02\/Malmskaret4-300x168.jpg 300w, https:\/\/hopenmeteo.no\/wp-content\/uploads\/2014\/02\/Malmskaret4-500x281.jpg 500w\" sizes=\"auto, (max-width: 800px) 100vw, 800px\" \/><\/figure>\n<\/div>\n\n\n<p><br \/>\n<script type=\"text\/javascript\"> end833_() <\/script><\/p>\n","protected":false},"excerpt":{"rendered":"<p>Under nordsiden av den nordlige toppen av Iversenfjellet g\u00e5r et skar nord\u00f8st og ender ganske bratt ned p\u00e5 stranda i Tovikbukta. Skaret er oppkalt etter stuert Per Inge Malm som tjenestegjorde flere ganger p\u00e5 stasjonen. Navnet ble gitt i 1984. Malmskaret er en grei, men bratt sti for dem som vil opp p\u00e5 Iversenfjellet. Det er mye lettere \u00e5 g\u00e5 opp ved Bekkeskaret, rett vest og s\u00e5 dreie mot s\u00f8r-s\u00f8rvest n\u00e5r en har kommet opp p\u00e5 det f\u00f8rste plat\u00e5et. Da passere enn p\u00e5 nordsiden av Malmskaret og har et lett parti \u00e5 forsere bort til foten Iversenfjellet.<\/p>\n","protected":false},"author":2,"featured_media":0,"parent":0,"menu_order":0,"comment_status":"open","ping_status":"open","template":"","meta":{"footnotes":""},"class_list":["post-1558","page","type-page","status-publish","hentry"],"_links":{"self":[{"href":"https:\/\/hopenmeteo.no\/index.php?rest_route=\/wp\/v2\/pages\/1558","targetHints":{"allow":["GET"]}}],"collection":[{"href":"https:\/\/hopenmeteo.no\/index.php?rest_route=\/wp\/v2\/pages"}],"about":[{"href":"https:\/\/hopenmeteo.no\/index.php?rest_route=\/wp\/v2\/types\/page"}],"author":[{"embeddable":true,"href":"https:\/\/hopenmeteo.no\/index.php?rest_route=\/wp\/v2\/users\/2"}],"replies":[{"embeddable":true,"href":"https:\/\/hopenmeteo.no\/index.php?rest_route=%2Fwp%2Fv2%2Fcomments&post=1558"}],"version-history":[{"count":4,"href":"https:\/\/hopenmeteo.no\/index.php?rest_route=\/wp\/v2\/pages\/1558\/revisions"}],"predecessor-version":[{"id":8027,"href":"https:\/\/hopenmeteo.no\/index.php?rest_route=\/wp\/v2\/pages\/1558\/revisions\/8027"}],"wp:attachment":[{"href":"https:\/\/hopenmeteo.no\/index.php?rest_route=%2Fwp%2Fv2%2Fmedia&parent=1558"}],"curies":[{"name":"wp","href":"https:\/\/api.w.org\/{rel}","templated":true}]}}

<p>Under nordsiden av den nordlige toppen av Iversenfjellet går et skar nordøst og ender ganske bratt ned på stranda i <a title="Tovikbukta" href="https://hopenmeteo.no/?page_id=1564">Tovikbukta</a>. Skaret er oppkalt etter stuert Per Inge Malm som tjenestegjorde flere ganger på stasjonen. Navnet ble gitt i 1984. Malmskaret er en grei, men bratt sti for dem som vil opp på <a title="Iversenfjellet" href="https://hopenmeteo.no/?page_id=1584">Iversenfjellet</a>. Det er mye lettere å gå opp ved <a title="Bekkeskaret" href="https://hopenmeteo.no/?page_id=1541">Bekkeskaret</a>, rett vest og så dreie mot sør-sørvest når en har kommet opp på det første platået. Da passere enn på nordsiden av Malmskaret og har et lett parti å forsere bort til foten Iversenfjellet.</p>


<div class="wp-block-image size-full wp-image-1559">
<figure class="alignleft"><img loading="lazy" decoding="async" width="800" height="450" src="https://hopenmeteo.no/wp-content/uploads/2014/02/Malmskaret1.jpg" alt="Malmskaret kneiser majestetisk opp fra stranda ved Tovikbukta." class="wp-image-1559" srcset="https://hopenmeteo.no/wp-content/uploads/2014/02/Malmskaret1.jpg 800w, https://hopenmeteo.no/wp-content/uploads/2014/02/Malmskaret1-300x168.jpg 300w, https://hopenmeteo.no/wp-content/uploads/2014/02/Malmskaret1-500x281.jpg 500w" sizes="auto, (max-width: 800px) 100vw, 800px" /><figcaption class="wp-element-caption">Malmskaret kneiser majestetisk opp fra stranda ved Tovikbukta.</figcaption></figure>
</div>

<div class="wp-block-image size-full wp-image-1560">
<figure class="alignleft"><img loading="lazy" decoding="async" width="800" height="450" src="https://hopenmeteo.no/wp-content/uploads/2014/02/Malmskaret2.jpg" alt="Iversens nordøstlige del i bakgrunnen." class="wp-image-1560" srcset="https://hopenmeteo.no/wp-content/uploads/2014/02/Malmskaret2.jpg 800w, https://hopenmeteo.no/wp-content/uploads/2014/02/Malmskaret2-300x168.jpg 300w, https://hopenmeteo.no/wp-content/uploads/2014/02/Malmskaret2-500x281.jpg 500w" sizes="auto, (max-width: 800px) 100vw, 800px" /><figcaption class="wp-element-caption">Iversens nordøstlige del i bakgrunnen.</figcaption></figure>
</div>

<div class="wp-block-image size-full wp-image-1561">
<figure class="alignleft"><img loading="lazy" decoding="async" width="800" height="450" src="https://hopenmeteo.no/wp-content/uploads/2014/02/Malmskaret3.jpg" alt="Malmskaret gjør ikke så mye ut av seg sett ovenfra ved foten av Iversenfjellet. og platået ovenfor skaret." class="wp-image-1561" srcset="https://hopenmeteo.no/wp-content/uploads/2014/02/Malmskaret3.jpg 800w, https://hopenmeteo.no/wp-content/uploads/2014/02/Malmskaret3-300x168.jpg 300w, https://hopenmeteo.no/wp-content/uploads/2014/02/Malmskaret3-500x281.jpg 500w" sizes="auto, (max-width: 800px) 100vw, 800px" /><figcaption class="wp-element-caption">Malmskaret gjør ikke så mye ut av seg sett ovenfra ved foten av Iversenfjellet. og platået ovenfor skaret.</figcaption></figure>
</div>

<div class="wp-block-image">
<figure class="alignleft"><img loading="lazy" decoding="async" width="800" height="450" src="https://hopenmeteo.no/wp-content/uploads/2014/02/Malmskaret4.jpg" alt="Malmskaret4" class="wp-image-1562" srcset="https://hopenmeteo.no/wp-content/uploads/2014/02/Malmskaret4.jpg 800w, https://hopenmeteo.no/wp-content/uploads/2014/02/Malmskaret4-300x168.jpg 300w, https://hopenmeteo.no/wp-content/uploads/2014/02/Malmskaret4-500x281.jpg 500w" sizes="auto, (max-width: 800px) 100vw, 800px" /></figure>
</div>


<p><br />
<script type="text/javascript"> end833_() </script></p>

<p>Under nordsiden av den nordlige toppen av Iversenfjellet går et skar nordøst og ender ganske bratt ned på stranda i Tovikbukta. Skaret er oppkalt etter stuert Per Inge Malm som tjenestegjorde flere ganger på stasjonen. Navnet ble gitt i 1984. Malmskaret er en grei, men bratt sti for dem som vil opp på Iversenfjellet. Det er mye lettere å gå opp ved Bekkeskaret, rett vest og så dreie mot sør-sørvest når en har kommet opp på det første platået. Da passere enn på nordsiden av Malmskaret og har et lett parti å forsere bort til foten Iversenfjellet.</p>
