{"id":1582,"date":"2014-02-18T00:15:18","date_gmt":"2014-02-17T23:15:18","guid":{"rendered":"http:\/\/hopenmeteo.no\/?page_id=1582"},"modified":"2024-02-09T08:39:41","modified_gmt":"2024-02-09T07:39:41","slug":"skumskjaera","status":"publish","type":"page","link":"https:\/\/hopenmeteo.no\/?page_id=1582","title":{"rendered":"Skumskj\u00e6ra"},"content":{"rendered":"\n<p>Skumskj\u00e6ra kalles undervannsskj\u00e6ret som ligger p\u00e5 \u00f8stsiden av <a title=\"Kofoedodden\" href=\"https:\/\/hopenmeteo.no\/?page_id=1571\">Kofoedodden<\/a>. N\u00e5r \u00f8stav\u00e6ret st\u00e5r p\u00e5 skj\u00f8nner en godt hvorfor skj\u00e6ra fikk sitt navn av Thor Iversen i 1924.<br \/>Da Henry Rudi og hans fangstkollegaer kom til \u00f8ya i 1907 sleit de med \u00e5 komme seg gjennom Skumskj\u00e6ra og m\u00e5tte ankre opp i <a title=\"Tovikbukta\" href=\"https:\/\/hopenmeteo.no\/?page_id=1564\">Tovikbukta <\/a>og buksere lettb\u00e5ten med varer gjennom brenninger over undervannsskj\u00e6ra og inn til stranda. En t\u00f8ff oppgave, da to mann m\u00e5tte g\u00e5 ved siden av b\u00e5ten uti sj\u00f8en for \u00e5 sikre den i brenningene.<br \/><script> end552_() <\/script><\/p>\n","protected":false},"excerpt":{"rendered":"<p>Skumskj\u00e6ra kalles undervannsskj\u00e6ret som ligger p\u00e5 \u00f8stsiden av Kofoedodden. N\u00e5r \u00f8stav\u00e6ret st\u00e5r p\u00e5 skj\u00f8nner en godt hvorfor skj\u00e6ra fikk sitt navn av Thor Iversen i 1924.Da Henry Rudi og hans fangstkollegaer kom til \u00f8ya i 1907 sleit de med \u00e5 komme seg gjennom Skumskj\u00e6ra og m\u00e5tte ankre opp i Tovikbukta og buksere lettb\u00e5ten med varer gjennom brenninger over undervannsskj\u00e6ra og inn til stranda. En t\u00f8ff oppgave, da to mann m\u00e5tte g\u00e5 ved siden av b\u00e5ten uti sj\u00f8en for \u00e5 sikre den i brenningene.<\/p>\n","protected":false},"author":2,"featured_media":0,"parent":0,"menu_order":0,"comment_status":"open","ping_status":"open","template":"","meta":{"footnotes":""},"class_list":["post-1582","page","type-page","status-publish","hentry"],"_links":{"self":[{"href":"https:\/\/hopenmeteo.no\/index.php?rest_route=\/wp\/v2\/pages\/1582","targetHints":{"allow":["GET"]}}],"collection":[{"href":"https:\/\/hopenmeteo.no\/index.php?rest_route=\/wp\/v2\/pages"}],"about":[{"href":"https:\/\/hopenmeteo.no\/index.php?rest_route=\/wp\/v2\/types\/page"}],"author":[{"embeddable":true,"href":"https:\/\/hopenmeteo.no\/index.php?rest_route=\/wp\/v2\/users\/2"}],"replies":[{"embeddable":true,"href":"https:\/\/hopenmeteo.no\/index.php?rest_route=%2Fwp%2Fv2%2Fcomments&post=1582"}],"version-history":[{"count":3,"href":"https:\/\/hopenmeteo.no\/index.php?rest_route=\/wp\/v2\/pages\/1582\/revisions"}],"predecessor-version":[{"id":8037,"href":"https:\/\/hopenmeteo.no\/index.php?rest_route=\/wp\/v2\/pages\/1582\/revisions\/8037"}],"wp:attachment":[{"href":"https:\/\/hopenmeteo.no\/index.php?rest_route=%2Fwp%2Fv2%2Fmedia&parent=1582"}],"curies":[{"name":"wp","href":"https:\/\/api.w.org\/{rel}","templated":true}]}}