{"id":1584,"date":"2014-02-18T00:34:04","date_gmt":"2014-02-17T23:34:04","guid":{"rendered":"http:\/\/hopenmeteo.no\/?page_id=1584"},"modified":"2024-02-09T08:41:31","modified_gmt":"2024-02-09T07:41:31","slug":"iversenfjellet","status":"publish","type":"page","link":"https:\/\/hopenmeteo.no\/?page_id=1584","title":{"rendered":"Iversenfjellet"},"content":{"rendered":"\n<p>Iversenfjellet vil for mange v\u00e6re \u00f8yas stjerne, der den kneiser hele 371 meter over havet. Den er et skue \u00e5 se p\u00e5, godt synlig fra stasjonen p\u00e5 dager med god sikt, og en fantastisk utsikt fra toppen.\u00a0Den er \u00f8yas\u00a0h\u00f8yeste punkt og er oppkalt etter en av de personer som har satt et kraftig preg p\u00e5 \u00f8yas historie, <a href=\"http:\/\/no.wikipedia.org\/wiki\/Thor_Iversen\" target=\"_blank\" rel=\"noopener\">Thor Iversen<\/a>. Han kartla det meste av \u00f8ya under sine vitenskapelige ekspedisjoner i 1924, 1929 og 1930.<\/p>\n\n\n\n<p>Iversenfjellet stuper bratt ned i havet p\u00e5 vest og s\u00f8rsiden. Den har ganske bratte skr\u00e5ninger ned til <a title=\"Kofoedodden\" href=\"https:\/\/hopenmeteo.no\/?page_id=1571\">Kofoedodden<\/a>. Det er fullt mulig \u00e5 komme seg b\u00e5de opp og ned her. P\u00e5 nordsiden har den en mer slakere stigning og er lett \u00e5 forsere b\u00e5de opp og ned. Den ene av armene til <a title=\"Bekkeskaret\" href=\"https:\/\/hopenmeteo.no\/?page_id=1541\">Bekkeskaret <\/a>starter p\u00e5 nordvestsiden av fjellet.<\/p>\n\n\n<div class=\"wp-block-image\">\n<figure class=\"alignleft\"><a href=\"https:\/\/hopenmeteo.no\/wp-content\/uploads\/2014\/02\/DSC_7718.jpg\"><img loading=\"lazy\" decoding=\"async\" width=\"300\" height=\"200\" src=\"https:\/\/hopenmeteo.no\/wp-content\/uploads\/2014\/02\/DSC_7718-300x200.jpg\" alt=\"Foto: Trond Nilssen\" class=\"wp-image-3001\" srcset=\"https:\/\/hopenmeteo.no\/wp-content\/uploads\/2014\/02\/DSC_7718-300x200.jpg 300w, https:\/\/hopenmeteo.no\/wp-content\/uploads\/2014\/02\/DSC_7718-800x532.jpg 800w, https:\/\/hopenmeteo.no\/wp-content\/uploads\/2014\/02\/DSC_7718-451x300.jpg 451w, https:\/\/hopenmeteo.no\/wp-content\/uploads\/2014\/02\/DSC_7718-900x599.jpg 900w\" sizes=\"auto, (max-width: 300px) 100vw, 300px\" \/><\/a><figcaption class=\"wp-element-caption\">Foto: Trond Nilssen<\/figcaption><\/figure>\n<\/div>\n\n<div class=\"wp-block-image\">\n<figure class=\"alignleft\"><a href=\"https:\/\/hopenmeteo.no\/wp-content\/uploads\/2014\/02\/DSC_7717.jpg\"><img loading=\"lazy\" decoding=\"async\" width=\"300\" height=\"200\" src=\"https:\/\/hopenmeteo.no\/wp-content\/uploads\/2014\/02\/DSC_7717-300x200.jpg\" alt=\"Foto: Trond Nilssen\" class=\"wp-image-2998\" srcset=\"https:\/\/hopenmeteo.no\/wp-content\/uploads\/2014\/02\/DSC_7717-300x200.jpg 300w, https:\/\/hopenmeteo.no\/wp-content\/uploads\/2014\/02\/DSC_7717-800x532.jpg 800w, https:\/\/hopenmeteo.no\/wp-content\/uploads\/2014\/02\/DSC_7717-451x300.jpg 451w, https:\/\/hopenmeteo.no\/wp-content\/uploads\/2014\/02\/DSC_7717-900x599.jpg 900w\" sizes=\"auto, (max-width: 300px) 100vw, 300px\" \/><\/a><figcaption class=\"wp-element-caption\">Foto: Trond Nilssen<\/figcaption><\/figure>\n<\/div>\n\n\n<p><\/p>\n\n\n\n<p><\/p>\n\n\n\n<p><\/p>\n\n\n\n<p><\/p>\n\n\n\n<p><\/p>\n\n\n\n<p><\/p>\n\n\n\n<p><\/p>\n\n\n\n<p><\/p>\n\n\n\n<p><\/p>\n\n\n\n<p><\/p>\n\n\n<div class=\"wp-block-image size-full wp-image-1690\">\n<figure class=\"alignleft\"><img loading=\"lazy\" decoding=\"async\" width=\"800\" height=\"254\" src=\"https:\/\/hopenmeteo.no\/wp-content\/uploads\/2014\/02\/Iversen9.jpg\" alt=\"Sett fra sj\u00f8siden \u00f8st for \u00f8ya.\" class=\"wp-image-1690\" srcset=\"https:\/\/hopenmeteo.no\/wp-content\/uploads\/2014\/02\/Iversen9.jpg 800w, https:\/\/hopenmeteo.no\/wp-content\/uploads\/2014\/02\/Iversen9-300x95.jpg 300w, https:\/\/hopenmeteo.no\/wp-content\/uploads\/2014\/02\/Iversen9-500x158.jpg 500w\" sizes=\"auto, (max-width: 800px) 100vw, 800px\" \/><figcaption class=\"wp-element-caption\">Sett fra sj\u00f8siden \u00f8st for \u00f8ya.<\/figcaption><\/figure>\n<\/div>\n\n<div class=\"wp-block-image size-full wp-image-1691\">\n<figure class=\"alignleft\"><img loading=\"lazy\" decoding=\"async\" width=\"800\" height=\"533\" src=\"https:\/\/hopenmeteo.no\/wp-content\/uploads\/2014\/02\/Iversen10.jpg\" alt=\"Iversenfjellet sett fra sj\u00f8en s\u00f8r\u00f8st for \u00f8ya.\" class=\"wp-image-1691\" srcset=\"https:\/\/hopenmeteo.no\/wp-content\/uploads\/2014\/02\/Iversen10.jpg 800w, https:\/\/hopenmeteo.no\/wp-content\/uploads\/2014\/02\/Iversen10-300x199.jpg 300w, https:\/\/hopenmeteo.no\/wp-content\/uploads\/2014\/02\/Iversen10-450x300.jpg 450w\" sizes=\"auto, (max-width: 800px) 100vw, 800px\" \/><figcaption class=\"wp-element-caption\">Iversenfjellet sett fra sj\u00f8en s\u00f8r\u00f8st for \u00f8ya.<\/figcaption><\/figure>\n<\/div>\n\n<div class=\"wp-block-image size-full wp-image-1692\">\n<figure class=\"alignleft\"><img loading=\"lazy\" decoding=\"async\" width=\"800\" height=\"533\" src=\"https:\/\/hopenmeteo.no\/wp-content\/uploads\/2014\/02\/Iversenfjellet8.jpg\" alt=\"Iversenfjellet sett fra sj\u00f8siden, s\u00f8rvest for \u00f8ya.\" class=\"wp-image-1692\" srcset=\"https:\/\/hopenmeteo.no\/wp-content\/uploads\/2014\/02\/Iversenfjellet8.jpg 800w, https:\/\/hopenmeteo.no\/wp-content\/uploads\/2014\/02\/Iversenfjellet8-300x199.jpg 300w, https:\/\/hopenmeteo.no\/wp-content\/uploads\/2014\/02\/Iversenfjellet8-450x300.jpg 450w\" sizes=\"auto, (max-width: 800px) 100vw, 800px\" \/><figcaption class=\"wp-element-caption\">Iversenfjellet sett fra sj\u00f8siden, s\u00f8rvest for \u00f8ya.<\/figcaption><\/figure>\n<\/div>\n\n<div class=\"wp-block-image size-full wp-image-1585\">\n<figure class=\"alignleft\"><img loading=\"lazy\" decoding=\"async\" width=\"800\" height=\"450\" src=\"https:\/\/hopenmeteo.no\/wp-content\/uploads\/2014\/02\/Iversenfjellet1.jpg\" alt=\"Iversenfjellets h\u00f8yeste topp i bakgrunnen \n. Vi kan skimte Kvasstoppen midt p\u00e5 bildet.\" class=\"wp-image-1585\" srcset=\"https:\/\/hopenmeteo.no\/wp-content\/uploads\/2014\/02\/Iversenfjellet1.jpg 800w, https:\/\/hopenmeteo.no\/wp-content\/uploads\/2014\/02\/Iversenfjellet1-300x168.jpg 300w, https:\/\/hopenmeteo.no\/wp-content\/uploads\/2014\/02\/Iversenfjellet1-500x281.jpg 500w\" sizes=\"auto, (max-width: 800px) 100vw, 800px\" \/><figcaption class=\"wp-element-caption\">Iversenfjellets h\u00f8yeste topp i bakgrunnen. Vi kan skimte Kvasstoppen midt p\u00e5 bildet.<\/figcaption><\/figure>\n<\/div>\n\n<div class=\"wp-block-image size-full wp-image-1586\">\n<figure class=\"alignleft\"><img loading=\"lazy\" decoding=\"async\" width=\"800\" height=\"450\" src=\"https:\/\/hopenmeteo.no\/wp-content\/uploads\/2014\/02\/Iversenfjellet2.jpg\" alt=\"Iversenfjellets \u00f8stlige kam i lette t\u00e5keskyer.\" class=\"wp-image-1586\" srcset=\"https:\/\/hopenmeteo.no\/wp-content\/uploads\/2014\/02\/Iversenfjellet2.jpg 800w, https:\/\/hopenmeteo.no\/wp-content\/uploads\/2014\/02\/Iversenfjellet2-300x168.jpg 300w, https:\/\/hopenmeteo.no\/wp-content\/uploads\/2014\/02\/Iversenfjellet2-500x281.jpg 500w\" sizes=\"auto, (max-width: 800px) 100vw, 800px\" \/><figcaption class=\"wp-element-caption\">Iversenfjellets \u00f8stlige kam i lette t\u00e5keskyer.<\/figcaption><\/figure>\n<\/div>\n\n<div class=\"wp-block-image size-full wp-image-1587\">\n<figure class=\"alignleft\"><img loading=\"lazy\" decoding=\"async\" width=\"800\" height=\"450\" src=\"https:\/\/hopenmeteo.no\/wp-content\/uploads\/2014\/02\/Iversenfjellet3.jpg\" alt=\"Utsikt fra Heniesalen mot Iversenfjellet.\" class=\"wp-image-1587\" srcset=\"https:\/\/hopenmeteo.no\/wp-content\/uploads\/2014\/02\/Iversenfjellet3.jpg 800w, https:\/\/hopenmeteo.no\/wp-content\/uploads\/2014\/02\/Iversenfjellet3-300x168.jpg 300w, https:\/\/hopenmeteo.no\/wp-content\/uploads\/2014\/02\/Iversenfjellet3-500x281.jpg 500w\" sizes=\"auto, (max-width: 800px) 100vw, 800px\" \/><figcaption class=\"wp-element-caption\">Utsikt fra Heniesalen mot Iversenfjellet.<\/figcaption><\/figure>\n<\/div>\n\n<div class=\"wp-block-image size-full wp-image-1588\">\n<figure class=\"alignleft\"><img loading=\"lazy\" decoding=\"async\" width=\"800\" height=\"450\" src=\"https:\/\/hopenmeteo.no\/wp-content\/uploads\/2014\/02\/Iversenfjellet4.jpg\" alt=\"Utsikt fra Werenskioldfjellet.\" class=\"wp-image-1588\" srcset=\"https:\/\/hopenmeteo.no\/wp-content\/uploads\/2014\/02\/Iversenfjellet4.jpg 800w, https:\/\/hopenmeteo.no\/wp-content\/uploads\/2014\/02\/Iversenfjellet4-300x168.jpg 300w, https:\/\/hopenmeteo.no\/wp-content\/uploads\/2014\/02\/Iversenfjellet4-500x281.jpg 500w\" sizes=\"auto, (max-width: 800px) 100vw, 800px\" \/><figcaption class=\"wp-element-caption\">Utsikt fra Werenskioldfjellet.<\/figcaption><\/figure>\n<\/div>\n\n<div class=\"wp-block-image size-full wp-image-1589\">\n<figure class=\"alignleft\"><img loading=\"lazy\" decoding=\"async\" width=\"800\" height=\"450\" src=\"https:\/\/hopenmeteo.no\/wp-content\/uploads\/2014\/02\/Iversenfjellet5.jpg\" alt=\"Restene av Thor Iversens varde p\u00e5 toppen av Iversenfjellet, 371 meter over havet.\" class=\"wp-image-1589\" srcset=\"https:\/\/hopenmeteo.no\/wp-content\/uploads\/2014\/02\/Iversenfjellet5.jpg 800w, https:\/\/hopenmeteo.no\/wp-content\/uploads\/2014\/02\/Iversenfjellet5-300x168.jpg 300w, https:\/\/hopenmeteo.no\/wp-content\/uploads\/2014\/02\/Iversenfjellet5-500x281.jpg 500w\" sizes=\"auto, (max-width: 800px) 100vw, 800px\" \/><figcaption class=\"wp-element-caption\">Restene av Thor Iversens varde p\u00e5 toppen av Iversenfjellet, 371 meter over havet.<\/figcaption><\/figure>\n<\/div>\n\n<div class=\"wp-block-image size-full wp-image-1590\">\n<figure class=\"alignleft\"><img loading=\"lazy\" decoding=\"async\" width=\"800\" height=\"450\" src=\"https:\/\/hopenmeteo.no\/wp-content\/uploads\/2014\/02\/Iversenfjellet6.jpg\" alt=\"Iversenfjellet i bakgrunnen en tidlig vinterdag.\" class=\"wp-image-1590\" srcset=\"https:\/\/hopenmeteo.no\/wp-content\/uploads\/2014\/02\/Iversenfjellet6.jpg 800w, https:\/\/hopenmeteo.no\/wp-content\/uploads\/2014\/02\/Iversenfjellet6-300x168.jpg 300w, https:\/\/hopenmeteo.no\/wp-content\/uploads\/2014\/02\/Iversenfjellet6-500x281.jpg 500w\" sizes=\"auto, (max-width: 800px) 100vw, 800px\" \/><figcaption class=\"wp-element-caption\">Iversenfjellet i bakgrunnen en tidlig vinterdag.<\/figcaption><\/figure>\n<\/div>\n\n<div class=\"wp-block-image size-full wp-image-1591\">\n<figure class=\"alignleft\"><img loading=\"lazy\" decoding=\"async\" width=\"800\" height=\"450\" src=\"https:\/\/hopenmeteo.no\/wp-content\/uploads\/2014\/02\/Iversenfjellet7.jpg\" alt=\"Iversenfjellet badet i midnattssol, sett fra Hopen meteorologiske stasjon.\" class=\"wp-image-1591\" srcset=\"https:\/\/hopenmeteo.no\/wp-content\/uploads\/2014\/02\/Iversenfjellet7.jpg 800w, https:\/\/hopenmeteo.no\/wp-content\/uploads\/2014\/02\/Iversenfjellet7-300x168.jpg 300w, https:\/\/hopenmeteo.no\/wp-content\/uploads\/2014\/02\/Iversenfjellet7-500x281.jpg 500w\" sizes=\"auto, (max-width: 800px) 100vw, 800px\" \/><figcaption class=\"wp-element-caption\">Iversenfjellet badet i midnattssol, sett fra Hopen meteorologiske stasjon. En kan ogs\u00e5 se Malmskarets skyggedal tydelig p\u00e5 bildet.<\/figcaption><\/figure>\n<\/div>","protected":false},"excerpt":{"rendered":"<p>Iversenfjellet vil for mange v\u00e6re \u00f8yas stjerne, der den kneiser hele 371 meter over havet. Den er et skue \u00e5 se p\u00e5, godt synlig fra stasjonen p\u00e5 dager med god sikt, og en fantastisk utsikt fra toppen.\u00a0Den er \u00f8yas\u00a0h\u00f8yeste punkt og er oppkalt etter en av de personer som har satt et kraftig preg p\u00e5 \u00f8yas historie, Thor Iversen. Han kartla det meste av \u00f8ya under sine vitenskapelige ekspedisjoner i 1924, 1929 og 1930. Iversenfjellet stuper bratt ned i havet p\u00e5 vest og s\u00f8rsiden. Den har ganske bratte skr\u00e5ninger ned til Kofoedodden. Det er fullt mulig \u00e5 komme seg b\u00e5de opp og ned her. P\u00e5 nordsiden har den en mer &hellip; <a href=\"https:\/\/hopenmeteo.no\/?page_id=1584\">Les videre <span class=\"meta-nav\">&rarr;<\/span><\/a><\/p>\n","protected":false},"author":2,"featured_media":0,"parent":0,"menu_order":0,"comment_status":"open","ping_status":"open","template":"","meta":{"footnotes":""},"class_list":["post-1584","page","type-page","status-publish","hentry"],"_links":{"self":[{"href":"https:\/\/hopenmeteo.no\/index.php?rest_route=\/wp\/v2\/pages\/1584","targetHints":{"allow":["GET"]}}],"collection":[{"href":"https:\/\/hopenmeteo.no\/index.php?rest_route=\/wp\/v2\/pages"}],"about":[{"href":"https:\/\/hopenmeteo.no\/index.php?rest_route=\/wp\/v2\/types\/page"}],"author":[{"embeddable":true,"href":"https:\/\/hopenmeteo.no\/index.php?rest_route=\/wp\/v2\/users\/2"}],"replies":[{"embeddable":true,"href":"https:\/\/hopenmeteo.no\/index.php?rest_route=%2Fwp%2Fv2%2Fcomments&post=1584"}],"version-history":[{"count":8,"href":"https:\/\/hopenmeteo.no\/index.php?rest_route=\/wp\/v2\/pages\/1584\/revisions"}],"predecessor-version":[{"id":8039,"href":"https:\/\/hopenmeteo.no\/index.php?rest_route=\/wp\/v2\/pages\/1584\/revisions\/8039"}],"wp:attachment":[{"href":"https:\/\/hopenmeteo.no\/index.php?rest_route=%2Fwp%2Fv2%2Fmedia&parent=1584"}],"curies":[{"name":"wp","href":"https:\/\/api.w.org\/{rel}","templated":true}]}}