{"id":2113,"date":"2014-11-26T18:22:07","date_gmt":"2014-11-26T17:22:07","guid":{"rendered":"http:\/\/hopenmeteo.no\/?page_id=2113"},"modified":"2024-02-08T08:28:43","modified_gmt":"2024-02-08T07:28:43","slug":"ledige-stillinger","status":"publish","type":"page","link":"https:\/\/hopenmeteo.no\/?page_id=2113","title":{"rendered":"Ledige stillinger"},"content":{"rendered":"\n<p>P\u00e5 Hopen besettes det to ganger i \u00e5ret fire stillinger som skal drifte stasjonen: <\/p>\n\n\n\n<ul class=\"wp-block-list\">\n<li>Stedlig leder<\/li>\n\n\n\n<li>Meteorologifullmektig<\/li>\n\n\n\n<li>Fagarbeider<\/li>\n\n\n\n<li>Kj\u00f8kkensjef<\/li>\n<\/ul>\n\n\n\n<p>Stillingene lyses ut p\u00e5 v\u00e5ren i april\/mai og p\u00e5 senh\u00f8sten i november\/desember. Utlysningen finner du p\u00e5 <a href=\"https:\/\/met-no\/om-oss\/ledige-stillinger\" target=\"_blank\" rel=\"noreferrer noopener\">https:\/\/met-no\/om-oss\/ledige-stillinger<\/a> og mer informasjon om stillingene finner du <a href=\"https:\/\/hopenmeteo.no\/?page_id=50\" data-type=\"link\" data-id=\"https:\/\/hopenmeteo.no\/?page_id=50\" target=\"_blank\" rel=\"noreferrer noopener\">her<\/a>.<\/p>\n","protected":false},"excerpt":{"rendered":"<p>P\u00e5 Hopen besettes det to ganger i \u00e5ret fire stillinger som skal drifte stasjonen: Stillingene lyses ut p\u00e5 v\u00e5ren i april\/mai og p\u00e5 senh\u00f8sten i november\/desember. Utlysningen finner du p\u00e5 https:\/\/met-no\/om-oss\/ledige-stillinger og mer informasjon om stillingene finner du her.<\/p>\n","protected":false},"author":2,"featured_media":0,"parent":0,"menu_order":0,"comment_status":"open","ping_status":"open","template":"","meta":{"footnotes":""},"class_list":["post-2113","page","type-page","status-publish","hentry"],"_links":{"self":[{"href":"https:\/\/hopenmeteo.no\/index.php?rest_route=\/wp\/v2\/pages\/2113","targetHints":{"allow":["GET"]}}],"collection":[{"href":"https:\/\/hopenmeteo.no\/index.php?rest_route=\/wp\/v2\/pages"}],"about":[{"href":"https:\/\/hopenmeteo.no\/index.php?rest_route=\/wp\/v2\/types\/page"}],"author":[{"embeddable":true,"href":"https:\/\/hopenmeteo.no\/index.php?rest_route=\/wp\/v2\/users\/2"}],"replies":[{"embeddable":true,"href":"https:\/\/hopenmeteo.no\/index.php?rest_route=%2Fwp%2Fv2%2Fcomments&post=2113"}],"version-history":[{"count":8,"href":"https:\/\/hopenmeteo.no\/index.php?rest_route=\/wp\/v2\/pages\/2113\/revisions"}],"predecessor-version":[{"id":7959,"href":"https:\/\/hopenmeteo.no\/index.php?rest_route=\/wp\/v2\/pages\/2113\/revisions\/7959"}],"wp:attachment":[{"href":"https:\/\/hopenmeteo.no\/index.php?rest_route=%2Fwp%2Fv2%2Fmedia&parent=2113"}],"curies":[{"name":"wp","href":"https:\/\/api.w.org\/{rel}","templated":true}]}}