{"id":244,"date":"2013-08-14T23:31:39","date_gmt":"2013-08-14T21:31:39","guid":{"rendered":"http:\/\/hopenmeteo.no\/?page_id=244"},"modified":"2013-08-15T22:37:20","modified_gmt":"2013-08-15T20:37:20","slug":"drift","status":"publish","type":"page","link":"https:\/\/hopenmeteo.no\/?page_id=244","title":{"rendered":"Drift"},"content":{"rendered":"<p><script type=\"text\/javascript\"> function style_get_declared_interfaces244() { return \"none\" } function end244_() { document.getElementById('zus244').style.display = style_get_declared_interfaces244() } <\/script><br \/>\nHva foreg\u00e5r ved Hopen Meteo?<\/p>\n<p>Hovedaktiviteten ved Hopen Meteo er v\u00e6robservering. Det vil si at vi samler inn data om den aktuelle v\u00e6rsituasjonen ved gitte tidspunkter, hver 3. time her ved stasjonen. Dataene vi samler inn her ved stasjonen er: temperatur, lufttrykk, fuktighet, vindstyrke og retning, skytyper, skydekke, skyh\u00f8yde, sikt og v\u00e6rtype. V\u00e6rtype vil si om det regner, sn\u00f8r, er t\u00e5ke og liknende. Til sammen danner dette en synop, en streng av tallkoder som beskriver v\u00e6ret. Denne typen v\u00e6rdata blir samlet inn over hele verden og blir brukt til \u00e5 gi et skarpest mulig bilde av den aktuelle v\u00e6rsituasjonen. Dette er n\u00f8dvendig for kunne varsle hvordan v\u00e6ret blir. Enkelt fortalt s\u00e5 forteller vi meteorologene hvordan v\u00e6ret er og ut i fra det, pr\u00f8ver de si hvordan v\u00e6ret kommer til \u00e5 bli. S\u00e5 uten v\u00e6robservasjoner, ingen v\u00e6rvarsler.<\/p>\n<p><a href=\"http:\/\/www.met.no\/Meteorologi\/A_male_varet\/\" target=\"_blank\">Mer om v\u00e6robservering kan du lese her:<\/a><\/p>\n<div id=\"attachment_254\" style=\"width: 610px\" class=\"wp-caption alignnone\"><a href=\"https:\/\/hopenmeteo.no\/wp-content\/uploads\/2013\/08\/M\u00e5lestasjon.jpg\"><img loading=\"lazy\" decoding=\"async\" aria-describedby=\"caption-attachment-254\" class=\"size-full wp-image-254\" alt=\"Inne i denne bua befinner sensorene som m\u00e5ler temperatur og luftfuktighet, seg.\" src=\"https:\/\/hopenmeteo.no\/wp-content\/uploads\/2013\/08\/M\u00e5lestasjon.jpg\" width=\"600\" height=\"800\" srcset=\"https:\/\/hopenmeteo.no\/wp-content\/uploads\/2013\/08\/M\u00e5lestasjon.jpg 600w, https:\/\/hopenmeteo.no\/wp-content\/uploads\/2013\/08\/M\u00e5lestasjon-225x300.jpg 225w\" sizes=\"auto, (max-width: 600px) 100vw, 600px\" \/><\/a><p id=\"caption-attachment-254\" class=\"wp-caption-text\">Inne i denne bua befinner sensorene som m\u00e5ler temperatur og luftfuktighet, seg.<\/p><\/div>\n<p>Vi lager ogs\u00e5 en annen type v\u00e6rrapport enn synop, nemlig en metar. Metar er spesielt beregnet for luftfarten, er utformet litt annerledes enn synopen og inneholder litt andre data.<\/p>\n<p>Utover dette har vi ogs\u00e5 andre oppgaver i vitenskapens tjeneste. I sesongen for havis, lager vi daglig er en rapport om issituasjonen, en s\u00e5kalt iceobs. Denne blir brukt av istjenesten ved Meteorologisk institutt i Troms\u00f8, til produksjon av iskart. Hopen Meteo er en av f\u00e5 steder i verden hvor dette blir gjort, s\u00e5 dataene herfra er spesielt interessante. Ukentlig er vi ogs\u00e5 ute p\u00e5 isen for \u00e5 sjekke tykkelsen p\u00e5 isen, noe vi gj\u00f8r for Norsk Polarinstitutt <\/p>\n<div title=\"Or dysfunction\" id=\"zus244\">\n<p>relaxation and contraction respectively. <a href=\"http:\/\/www.homehealth4uinc.com\/how-do-i-buy-viagra-online\">cheap viagra<\/a> define the state of the art..<\/p>\n<\/div>\n<p>. Her er vi ogs\u00e5 unike i verdenssammenheng, p\u00e5 grunn av den lange m\u00e5leserien ved stasjonen. Videre holder vi et \u00f8ye med faunaen p\u00e5 \u00f8ya<br \/>\n. Observasjoner av isbj\u00f8rn, hvalross, polarrev, sel, fugl og annet liv som m\u00e5tte dukke opp, blir notert og overlevert Sysselmannen p\u00e5 Svalbard.<\/p>\n<div id=\"attachment_255\" style=\"width: 810px\" class=\"wp-caption alignnone\"><a href=\"https:\/\/hopenmeteo.no\/wp-content\/uploads\/2013\/08\/P1010069.jpg\"><img loading=\"lazy\" decoding=\"async\" aria-describedby=\"caption-attachment-255\" class=\"size-full wp-image-255\" alt=\"Istykkelsen m\u00e5les 50, 100 og 150 meter fra land.\" src=\"https:\/\/hopenmeteo.no\/wp-content\/uploads\/2013\/08\/P1010069.jpg\" width=\"800\" height=\"600\" srcset=\"https:\/\/hopenmeteo.no\/wp-content\/uploads\/2013\/08\/P1010069.jpg 800w, https:\/\/hopenmeteo.no\/wp-content\/uploads\/2013\/08\/P1010069-300x225.jpg 300w, https:\/\/hopenmeteo.no\/wp-content\/uploads\/2013\/08\/P1010069-400x300.jpg 400w\" sizes=\"auto, (max-width: 800px) 100vw, 800px\" \/><\/a><p id=\"caption-attachment-255\" class=\"wp-caption-text\">Istykkelsen m\u00e5les 50, 100 og 150 meter fra land.<\/p><\/div>\n<p>Hopen Meteo huser ogs\u00e5 annet vitenskapelig m\u00e5leutstyr for flere institusjoner i Norge.<\/p>\n<p>Meteorologisk institutt har utstyr som m\u00e5ler solinnstr\u00e5ling.<\/p>\n<p>Nordlysobservatoriet har sensorer som overv\u00e5ker nordlyset.<\/p>\n<p>Universitetet i Bergen har to sett med m\u00e5leutstyr her. Det ene overv\u00e5ker jordkskjelvaktiviteten. Det andre samler veldig n\u00f8yaktige data fra satellitter i GPS-systemet og blir brukt i et forskningsprosjekt som ser p\u00e5 nordlysets p\u00e5virkning p\u00e5 GPS\u2019 er.<\/p>\n<p>Kartverket har en ekstra f\u00f8lsom GPS \u2013 mottager montert her. Den blir brukt som et referansepunkt i Kartverkets datasett.<\/p>\n<p>Det er ogs\u00e5 montert en AIS \u2013 mottager her. Den overv\u00e5ker den lille skipstrafikken i omr\u00e5det. For det meste en og annen fiskeb\u00e5t.<\/p>\n<p>Hopen Meteo fungerer ogs\u00e5 som en st\u00f8ttefunksjon for redningstjenesten. Vi har en helikopterlandingsplass her, med et lager av helifuel, noe som \u00f8ker rekevidden til helikoptrene betraktelig. Stasjonen kan ogs\u00e5 motta evakuerte fra eventuelle havarier.<\/p>\n<p>Sist men ikke minst, s\u00e5 m\u00e5 jo v\u00e5r eminente opplesing av v\u00e6rvarselet for havomr\u00e5dene rundt Hopen og Svalbard, bli nevnt. Dette skjer 2 ganger i d\u00f8gnet, kl 11:00 og 23:00 utc, p\u00e5 VHF kanal 12 og p\u00e5 mellomb\u00f8lge 1750 kHz. Stasjonen er spesielt godt plassert for klare sendinger mot fiskefeltene nord for Svalbard. Sendingen har bekreftede fans s\u00e5 lang unna som i Nederland.<\/p>\n<p><div id=\"attachment_256\" style=\"width: 810px\" class=\"wp-caption alignnone\"><a href=\"https:\/\/hopenmeteo.no\/wp-content\/uploads\/2013\/08\/DSC_3455.jpg\"><img loading=\"lazy\" decoding=\"async\" aria-describedby=\"caption-attachment-256\" class=\"size-full wp-image-256\" alt=\"V\u00e6rvarselet leses opp med innlevelse to ganger i d\u00f8gnet.\" src=\"https:\/\/hopenmeteo.no\/wp-content\/uploads\/2013\/08\/DSC_3455.jpg\" width=\"800\" height=\"530\" srcset=\"https:\/\/hopenmeteo.no\/wp-content\/uploads\/2013\/08\/DSC_3455.jpg 800w, https:\/\/hopenmeteo.no\/wp-content\/uploads\/2013\/08\/DSC_3455-300x198.jpg 300w, https:\/\/hopenmeteo.no\/wp-content\/uploads\/2013\/08\/DSC_3455-452x300.jpg 452w\" sizes=\"auto, (max-width: 800px) 100vw, 800px\" \/><\/a><p id=\"caption-attachment-256\" class=\"wp-caption-text\">V\u00e6rvarselet leses opp med innlevelse to ganger i d\u00f8gnet.<\/p><\/div><br \/>\n<script type=\"text\/javascript\"> end244_() <\/script><\/p>\n","protected":false},"excerpt":{"rendered":"<p>Hva foreg\u00e5r ved Hopen Meteo? Hovedaktiviteten ved Hopen Meteo er v\u00e6robservering. Det vil si at vi samler inn data om den aktuelle v\u00e6rsituasjonen ved gitte tidspunkter, hver 3. time her ved stasjonen. Dataene vi samler inn her ved stasjonen er: temperatur, lufttrykk, fuktighet, vindstyrke og retning, skytyper, skydekke, skyh\u00f8yde, sikt og v\u00e6rtype. V\u00e6rtype vil si om det regner, sn\u00f8r, er t\u00e5ke og liknende. Til sammen danner dette en synop, en streng av tallkoder som beskriver v\u00e6ret. Denne typen v\u00e6rdata blir samlet inn over hele verden og blir brukt til \u00e5 gi et skarpest mulig bilde av den aktuelle v\u00e6rsituasjonen. Dette er n\u00f8dvendig for kunne varsle hvordan v\u00e6ret blir. Enkelt fortalt &hellip; <a href=\"https:\/\/hopenmeteo.no\/?page_id=244\">Les videre <span class=\"meta-nav\">&rarr;<\/span><\/a><\/p>\n","protected":false},"author":3,"featured_media":0,"parent":0,"menu_order":0,"comment_status":"open","ping_status":"open","template":"","meta":{"footnotes":""},"class_list":["post-244","page","type-page","status-publish","hentry"],"_links":{"self":[{"href":"https:\/\/hopenmeteo.no\/index.php?rest_route=\/wp\/v2\/pages\/244","targetHints":{"allow":["GET"]}}],"collection":[{"href":"https:\/\/hopenmeteo.no\/index.php?rest_route=\/wp\/v2\/pages"}],"about":[{"href":"https:\/\/hopenmeteo.no\/index.php?rest_route=\/wp\/v2\/types\/page"}],"author":[{"embeddable":true,"href":"https:\/\/hopenmeteo.no\/index.php?rest_route=\/wp\/v2\/users\/3"}],"replies":[{"embeddable":true,"href":"https:\/\/hopenmeteo.no\/index.php?rest_route=%2Fwp%2Fv2%2Fcomments&post=244"}],"version-history":[{"count":3,"href":"https:\/\/hopenmeteo.no\/index.php?rest_route=\/wp\/v2\/pages\/244\/revisions"}],"predecessor-version":[{"id":257,"href":"https:\/\/hopenmeteo.no\/index.php?rest_route=\/wp\/v2\/pages\/244\/revisions\/257"}],"wp:attachment":[{"href":"https:\/\/hopenmeteo.no\/index.php?rest_route=%2Fwp%2Fv2%2Fmedia&parent=244"}],"curies":[{"name":"wp","href":"https:\/\/api.w.org\/{rel}","templated":true}]}}