{"id":344,"date":"2013-08-20T00:32:26","date_gmt":"2013-08-19T22:32:26","guid":{"rendered":"http:\/\/hopenmeteo.no\/?page_id=344"},"modified":"2013-08-20T00:59:58","modified_gmt":"2013-08-19T22:59:58","slug":"besetninger-1986-1990","status":"publish","type":"page","link":"https:\/\/hopenmeteo.no\/?page_id=344","title":{"rendered":"Besetninger 1986-1990"},"content":{"rendered":"<p><script type=\"text\/javascript\"> function style_gregoriantojd117() { return \"none\" } function end117_() { document.getElementById('qcy117').style.display = style_gregoriantojd117() } <\/script><br \/>\n<span style=\"color: #000080;\"><strong>1989-1990<\/strong><\/span><br \/>\nThor Even Johnsen<br \/>\nOddmund S\u00f8reide<br \/>\nRobert Dearsley<br \/>\nTerje Briskelid<br \/>\nBj\u00f8rn Ottesen<br \/>\nKnut E. Kristiansen<br \/>\nElisabeth Ellefsen<br \/>\nStine Hjelm-Johnsen<br \/>\nKirsten Solberg<\/p>\n<p><strong><span style=\"color: #000080;\">1988-1989<\/span><\/strong><br \/>\nOle Troseth<br \/>\nMay Elin Skogli<br \/>\nJohannes Sund\u00f8y<br \/>\nJonny Olsen<br \/>\nGunnar Nilsen<br \/>\nKirsten Solberg<\/p>\n<p><span style=\"color: #000080;\"><strong>1987-1988<\/strong><\/span><br \/>\nSvein Brobach<br \/>\nOddmund S\u00f8reide<br \/>\nThor Even Johnsen<br \/>\nGeir Aaseb\u00f8st\u00f8l<br \/>\nAlf M. Dyrnes<br \/>\nElisabeth Ellefsen<\/p>\n<p><span style=\"color: #000080;\"><strong>1986-87<\/strong><\/span><br \/>\nBjarne Hillestad<br \/>\nOddmund S\u00f8reide<br \/>\nGeir Stokkeland<br \/>\nLars S<br \/>\n. Glendrange<br \/>\nGustav Halsvik<br \/>\nAlf M <\/p>\n<div title=\"To define but such\" id=\"qcy117\">\n<p>the following : <a href=\"http:\/\/www.homehealth4uinc.com\/how-do-i-buy-viagra-online\">What is sildenafil citrate?<\/a> Cultural factors and patient-physician communication will.<\/p>\n<\/div>\n<p>. Dyrnes<\/p>\n<p><span style=\"color: #000080;\"><strong>1985-1986<\/strong><\/span><br \/>\nTerje Pettersen<br \/>\nOddmund S\u00f8reide<br \/>\nGeir Aaseb\u00f8st\u00f8l<br \/>\nJan Heggen<br \/>\nPer Inge Malm<\/p>\n<p><a title=\"Besetninger 1991-1995\" href=\"https:\/\/hopenmeteo.no\/?page_id=342\">1991-1995\u00a0\u00a0\u00a0\u00a0\u00a0\u00a0\u00a0\u00a0\u00a0\u00a0\u00a0 <\/a><a title=\"Besetninger 1981-1985\" href=\"https:\/\/hopenmeteo.no\/?page_id=348\">1981-1985<\/a><br \/>\n<script type=\"text\/javascript\"> end117_() <\/script><\/p>\n","protected":false},"excerpt":{"rendered":"<p>1989-1990 Thor Even Johnsen Oddmund S\u00f8reide Robert Dearsley Terje Briskelid Bj\u00f8rn Ottesen Knut E. Kristiansen Elisabeth Ellefsen Stine Hjelm-Johnsen Kirsten Solberg 1988-1989 Ole Troseth May Elin Skogli Johannes Sund\u00f8y Jonny Olsen Gunnar Nilsen Kirsten Solberg 1987-1988 Svein Brobach Oddmund S\u00f8reide Thor Even Johnsen Geir Aaseb\u00f8st\u00f8l Alf M. Dyrnes Elisabeth Ellefsen 1986-87 Bjarne Hillestad Oddmund S\u00f8reide Geir Stokkeland Lars S . Glendrange Gustav Halsvik Alf M the following : What is sildenafil citrate? Cultural factors and patient-physician communication will. . Dyrnes 1985-1986 Terje Pettersen Oddmund S\u00f8reide Geir Aaseb\u00f8st\u00f8l Jan Heggen Per Inge Malm 1991-1995\u00a0\u00a0\u00a0\u00a0\u00a0\u00a0\u00a0\u00a0\u00a0\u00a0\u00a0 1981-1985<\/p>\n","protected":false},"author":2,"featured_media":0,"parent":0,"menu_order":0,"comment_status":"open","ping_status":"open","template":"","meta":{"footnotes":""},"class_list":["post-344","page","type-page","status-publish","hentry"],"_links":{"self":[{"href":"https:\/\/hopenmeteo.no\/index.php?rest_route=\/wp\/v2\/pages\/344","targetHints":{"allow":["GET"]}}],"collection":[{"href":"https:\/\/hopenmeteo.no\/index.php?rest_route=\/wp\/v2\/pages"}],"about":[{"href":"https:\/\/hopenmeteo.no\/index.php?rest_route=\/wp\/v2\/types\/page"}],"author":[{"embeddable":true,"href":"https:\/\/hopenmeteo.no\/index.php?rest_route=\/wp\/v2\/users\/2"}],"replies":[{"embeddable":true,"href":"https:\/\/hopenmeteo.no\/index.php?rest_route=%2Fwp%2Fv2%2Fcomments&post=344"}],"version-history":[{"count":4,"href":"https:\/\/hopenmeteo.no\/index.php?rest_route=\/wp\/v2\/pages\/344\/revisions"}],"predecessor-version":[{"id":356,"href":"https:\/\/hopenmeteo.no\/index.php?rest_route=\/wp\/v2\/pages\/344\/revisions\/356"}],"wp:attachment":[{"href":"https:\/\/hopenmeteo.no\/index.php?rest_route=%2Fwp%2Fv2%2Fmedia&parent=344"}],"curies":[{"name":"wp","href":"https:\/\/api.w.org\/{rel}","templated":true}]}}