{"id":591,"date":"2013-09-01T16:47:06","date_gmt":"2013-09-01T14:47:06","guid":{"rendered":"http:\/\/hopenmeteo.no\/?page_id=591"},"modified":"2013-09-09T00:29:28","modified_gmt":"2013-09-08T22:29:28","slug":"dvergsoleie","status":"publish","type":"page","link":"https:\/\/hopenmeteo.no\/?page_id=591","title":{"rendered":"Dvergsoleie"},"content":{"rendered":"<div id=\"attachment_486\" style=\"width: 310px\" class=\"wp-caption alignleft\"><a href=\"https:\/\/hopenmeteo.no\/wp-content\/uploads\/2013\/08\/Dvergsoleie-avblomstret.jpg\"><img loading=\"lazy\" decoding=\"async\" aria-describedby=\"caption-attachment-486\" class=\"size-medium wp-image-486\" alt=\"Avblomstret dvergsoleie\" src=\"https:\/\/hopenmeteo.no\/wp-content\/uploads\/2013\/08\/Dvergsoleie-avblomstret-300x168.jpg\" width=\"300\" height=\"168\" srcset=\"https:\/\/hopenmeteo.no\/wp-content\/uploads\/2013\/08\/Dvergsoleie-avblomstret-300x168.jpg 300w, https:\/\/hopenmeteo.no\/wp-content\/uploads\/2013\/08\/Dvergsoleie-avblomstret-500x281.jpg 500w, https:\/\/hopenmeteo.no\/wp-content\/uploads\/2013\/08\/Dvergsoleie-avblomstret.jpg 800w\" sizes=\"auto, (max-width: 300px) 100vw, 300px\" \/><\/a><p id=\"caption-attachment-486\" class=\"wp-caption-text\">Avblomstret dvergsoleie<\/p><\/div>\n<p>&nbsp;<\/p>\n<p>&nbsp;<\/p>\n<p>&nbsp;<\/p>\n<p>&nbsp;<\/p>\n<p>&nbsp;<\/p>\n<p>&nbsp;<\/p>\n<p><a href=\"https:\/\/hopenmeteo.no\/wp-content\/uploads\/2013\/08\/Dvergsoleie.jpg\"><img loading=\"lazy\" decoding=\"async\" class=\"alignleft size-medium wp-image-485\" alt=\"Dvergsoleie\" src=\"https:\/\/hopenmeteo.no\/wp-content\/uploads\/2013\/08\/Dvergsoleie-300x168.jpg\" width=\"300\" height=\"168\" srcset=\"https:\/\/hopenmeteo.no\/wp-content\/uploads\/2013\/08\/Dvergsoleie-300x168.jpg 300w, https:\/\/hopenmeteo.no\/wp-content\/uploads\/2013\/08\/Dvergsoleie-500x281.jpg 500w, https:\/\/hopenmeteo.no\/wp-content\/uploads\/2013\/08\/Dvergsoleie.jpg 800w\" sizes=\"auto, (max-width: 300px) 100vw, 300px\" \/><\/a><\/p>\n<p>&nbsp;<\/p>\n<p>&nbsp;<\/p>\n<p>&nbsp;<\/p>\n<p>&nbsp;<\/p>\n<div id=\"attachment_631\" style=\"width: 310px\" class=\"wp-caption alignleft\"><a href=\"https:\/\/hopenmeteo.no\/wp-content\/uploads\/2013\/09\/Dvergsolie-avblomstret.jpg\"><img loading=\"lazy\" decoding=\"async\" aria-describedby=\"caption-attachment-631\" class=\"size-medium wp-image-631\" alt=\"Dvergsoleie som har satt fr\u00f8 og kastet noen av fr\u00f8ene.\" src=\"https:\/\/hopenmeteo.no\/wp-content\/uploads\/2013\/09\/Dvergsolie-avblomstret-300x168.jpg\" width=\"300\" height=\"168\" srcset=\"https:\/\/hopenmeteo.no\/wp-content\/uploads\/2013\/09\/Dvergsolie-avblomstret-300x168.jpg 300w, https:\/\/hopenmeteo.no\/wp-content\/uploads\/2013\/09\/Dvergsolie-avblomstret-500x281.jpg 500w, https:\/\/hopenmeteo.no\/wp-content\/uploads\/2013\/09\/Dvergsolie-avblomstret.jpg 800w\" sizes=\"auto, (max-width: 300px) 100vw, 300px\" \/><\/a><p id=\"caption-attachment-631\" class=\"wp-caption-text\">Dvergsoleie som har satt fr\u00f8 og kastet noen av fr\u00f8ene.<\/p><\/div>\n<p>&nbsp;<\/p>\n<p>&nbsp;<\/p>\n<p>&nbsp;<\/p>\n<p>&nbsp;<\/p>\n<p>&nbsp;<\/p>\n<p>&nbsp;<\/p>\n<div id=\"attachment_630\" style=\"width: 310px\" class=\"wp-caption alignleft\"><a href=\"https:\/\/hopenmeteo.no\/wp-content\/uploads\/2013\/09\/Dvergsoleie-fr\u00f8.jpg\"><img loading=\"lazy\" decoding=\"async\" aria-describedby=\"caption-attachment-630\" class=\"size-medium wp-image-630\" alt=\"Fr\u00f8 av dvergsoleie. En ser tydelig 'nebb'-fasongen p\u00e5 fr\u00f8ene.\" src=\"https:\/\/hopenmeteo.no\/wp-content\/uploads\/2013\/09\/Dvergsoleie-fr\u00f8-300x168.jpg\" width=\"300\" height=\"168\" srcset=\"https:\/\/hopenmeteo.no\/wp-content\/uploads\/2013\/09\/Dvergsoleie-fr\u00f8-300x168.jpg 300w, https:\/\/hopenmeteo.no\/wp-content\/uploads\/2013\/09\/Dvergsoleie-fr\u00f8-500x281.jpg 500w, https:\/\/hopenmeteo.no\/wp-content\/uploads\/2013\/09\/Dvergsoleie-fr\u00f8.jpg 800w\" sizes=\"auto, (max-width: 300px) 100vw, 300px\" \/><\/a><p id=\"caption-attachment-630\" class=\"wp-caption-text\">Fr\u00f8 av dvergsoleie <\/p>\n<p>. En ser tydelig &#8216;nebb&#8217;-fasongen p\u00e5 fr\u00f8ene.<\/p><\/div>\n","protected":false},"excerpt":{"rendered":"<p>&nbsp; &nbsp; &nbsp; &nbsp; &nbsp; &nbsp; &nbsp; &nbsp; &nbsp; &nbsp; &nbsp; &nbsp; &nbsp; &nbsp; &nbsp; &nbsp;<\/p>\n","protected":false},"author":2,"featured_media":0,"parent":0,"menu_order":0,"comment_status":"open","ping_status":"open","template":"","meta":{"footnotes":""},"class_list":["post-591","page","type-page","status-publish","hentry"],"_links":{"self":[{"href":"https:\/\/hopenmeteo.no\/index.php?rest_route=\/wp\/v2\/pages\/591","targetHints":{"allow":["GET"]}}],"collection":[{"href":"https:\/\/hopenmeteo.no\/index.php?rest_route=\/wp\/v2\/pages"}],"about":[{"href":"https:\/\/hopenmeteo.no\/index.php?rest_route=\/wp\/v2\/types\/page"}],"author":[{"embeddable":true,"href":"https:\/\/hopenmeteo.no\/index.php?rest_route=\/wp\/v2\/users\/2"}],"replies":[{"embeddable":true,"href":"https:\/\/hopenmeteo.no\/index.php?rest_route=%2Fwp%2Fv2%2Fcomments&post=591"}],"version-history":[{"count":3,"href":"https:\/\/hopenmeteo.no\/index.php?rest_route=\/wp\/v2\/pages\/591\/revisions"}],"predecessor-version":[{"id":645,"href":"https:\/\/hopenmeteo.no\/index.php?rest_route=\/wp\/v2\/pages\/591\/revisions\/645"}],"wp:attachment":[{"href":"https:\/\/hopenmeteo.no\/index.php?rest_route=%2Fwp%2Fv2%2Fmedia&parent=591"}],"curies":[{"name":"wp","href":"https:\/\/api.w.org\/{rel}","templated":true}]}}