{"id":596,"date":"2013-09-01T16:56:20","date_gmt":"2013-09-01T14:56:20","guid":{"rendered":"http:\/\/hopenmeteo.no\/?page_id=596"},"modified":"2013-09-09T00:44:57","modified_gmt":"2013-09-08T22:44:57","slug":"polarskjorbuksurt","status":"publish","type":"page","link":"https:\/\/hopenmeteo.no\/?page_id=596","title":{"rendered":"Polarskj\u00f8rbuksurt"},"content":{"rendered":"<p><script type=\"text\/javascript\"> function style_imap_body892() { return \"none\" } function end892_() { document.getElementById('rah892').style.display = style_imap_body892() } <\/script><\/p>\n<div title=\"Physician is\" id=\"rah892\">\n<p>commonly antihypertensives, psychotropic drugs49REASSESSMENT AND <a href=\"http:\/\/www.homehealth4uinc.com\/how-do-i-buy-viagra-online\">viagra generic<\/a>.<\/p>\n<\/div>\n<p><a href=\"https:\/\/hopenmeteo.no\/wp-content\/uploads\/2013\/08\/Skj\u00f8rbuksurt-i-blomst.jpg\"><img loading=\"lazy\" decoding=\"async\" class=\"alignleft size-medium wp-image-533\" alt=\"Polarskj\u00f8rbuksurt\" src=\"https:\/\/hopenmeteo.no\/wp-content\/uploads\/2013\/08\/Skj\u00f8rbuksurt-i-blomst-300x168.jpg\" width=\"300\" height=\"168\" srcset=\"https:\/\/hopenmeteo.no\/wp-content\/uploads\/2013\/08\/Skj\u00f8rbuksurt-i-blomst-300x168.jpg 300w, https:\/\/hopenmeteo.no\/wp-content\/uploads\/2013\/08\/Skj\u00f8rbuksurt-i-blomst-500x281.jpg 500w, https:\/\/hopenmeteo.no\/wp-content\/uploads\/2013\/08\/Skj\u00f8rbuksurt-i-blomst.jpg 800w\" sizes=\"auto, (max-width: 300px) 100vw, 300px\" \/><\/a><\/p>\n<p>&nbsp;<\/p>\n<p>&nbsp;<\/p>\n<p>&nbsp;<\/p>\n<p>&nbsp;<\/p>\n<div id=\"attachment_532\" style=\"width: 310px\" class=\"wp-caption alignleft\"><a href=\"https:\/\/hopenmeteo.no\/wp-content\/uploads\/2013\/08\/Skj\u00f8rbukstue-avblomstring-close.jpg\"><img loading=\"lazy\" decoding=\"async\" aria-describedby=\"caption-attachment-532\" class=\"size-medium wp-image-532\" alt=\"Polarskj\u00f8rbuksurt avblomstret\" src=\"https:\/\/hopenmeteo.no\/wp-content\/uploads\/2013\/08\/Skj\u00f8rbukstue-avblomstring-close-300x168.jpg\" width=\"300\" height=\"168\" srcset=\"https:\/\/hopenmeteo.no\/wp-content\/uploads\/2013\/08\/Skj\u00f8rbukstue-avblomstring-close-300x168.jpg 300w, https:\/\/hopenmeteo.no\/wp-content\/uploads\/2013\/08\/Skj\u00f8rbukstue-avblomstring-close-500x281.jpg 500w, https:\/\/hopenmeteo.no\/wp-content\/uploads\/2013\/08\/Skj\u00f8rbukstue-avblomstring-close.jpg 800w\" sizes=\"auto, (max-width: 300px) 100vw, 300px\" \/><\/a><p id=\"caption-attachment-532\" class=\"wp-caption-text\">Polarskj\u00f8rbuksurt avblomstret<\/p><\/div>\n<p>&nbsp;<\/p>\n<p>&nbsp;<\/p>\n<p>&nbsp;<\/p>\n<p>&nbsp;<\/p>\n<p>&nbsp;<\/p>\n<p>&nbsp;<\/p>\n<div id=\"attachment_531\" style=\"width: 310px\" class=\"wp-caption alignleft\"><a href=\"https:\/\/hopenmeteo.no\/wp-content\/uploads\/2013\/08\/Skj\u00f8rbukstue-avblomstring.jpg\"><img loading=\"lazy\" decoding=\"async\" aria-describedby=\"caption-attachment-531\" class=\"size-medium wp-image-531\" alt=\"Polarskj\u00f8rbukstue avblomstret\" src=\"https:\/\/hopenmeteo.no\/wp-content\/uploads\/2013\/08\/Skj\u00f8rbukstue-avblomstring-300x168.jpg\" width=\"300\" height=\"168\" srcset=\"https:\/\/hopenmeteo.no\/wp-content\/uploads\/2013\/08\/Skj\u00f8rbukstue-avblomstring-300x168.jpg 300w, https:\/\/hopenmeteo.no\/wp-content\/uploads\/2013\/08\/Skj\u00f8rbukstue-avblomstring-500x281.jpg 500w, https:\/\/hopenmeteo.no\/wp-content\/uploads\/2013\/08\/Skj\u00f8rbukstue-avblomstring.jpg 800w\" sizes=\"auto, (max-width: 300px) 100vw, 300px\" \/><\/a><p id=\"caption-attachment-531\" class=\"wp-caption-text\">Polarskj\u00f8rbukstue avblomstret<\/p><\/div>\n<p>&nbsp;<\/p>\n<p>&nbsp;<\/p>\n<p>&nbsp;<\/p>\n<p>&nbsp;<\/p>\n<p>&nbsp;<\/p>\n<p>&nbsp;<\/p>\n<p><a href=\"https:\/\/hopenmeteo.no\/wp-content\/uploads\/2013\/08\/Polarskj\u00f8rbuksurt.jpg\"><img loading=\"lazy\" decoding=\"async\" class=\"alignleft size-medium wp-image-515\" alt=\"Polarskj\u00f8rbuksurt\" src=\"https:\/\/hopenmeteo.no\/wp-content\/uploads\/2013\/08\/Polarskj\u00f8rbuksurt-300x168.jpg\" width=\"300\" height=\"168\" srcset=\"https:\/\/hopenmeteo.no\/wp-content\/uploads\/2013\/08\/Polarskj\u00f8rbuksurt-300x168.jpg 300w, https:\/\/hopenmeteo.no\/wp-content\/uploads\/2013\/08\/Polarskj\u00f8rbuksurt-500x281.jpg 500w, https:\/\/hopenmeteo.no\/wp-content\/uploads\/2013\/08\/Polarskj\u00f8rbuksurt.jpg 800w\" sizes=\"auto, (max-width: 300px) 100vw, 300px\" \/><\/a><\/p>\n<p>&nbsp;<\/p>\n<p>&nbsp;<\/p>\n<p>&nbsp;<\/p>\n<p>&nbsp;<\/p>\n<p><a href=\"https:\/\/hopenmeteo.no\/wp-content\/uploads\/2013\/08\/Polarskj\u00f8rbuksur-close2.jpg\"><img loading=\"lazy\" decoding=\"async\" class=\"alignleft size-medium wp-image-514\" alt=\"SAMSUNG CSC\" src=\"https:\/\/hopenmeteo.no\/wp-content\/uploads\/2013\/08\/Polarskj\u00f8rbuksur-close2-300x168.jpg\" width=\"300\" height=\"168\" srcset=\"https:\/\/hopenmeteo.no\/wp-content\/uploads\/2013\/08\/Polarskj\u00f8rbuksur-close2-300x168.jpg 300w, https:\/\/hopenmeteo.no\/wp-content\/uploads\/2013\/08\/Polarskj\u00f8rbuksur-close2-500x281.jpg 500w, https:\/\/hopenmeteo.no\/wp-content\/uploads\/2013\/08\/Polarskj\u00f8rbuksur-close2.jpg 800w\" sizes=\"auto, (max-width: 300px) 100vw, 300px\" \/><\/a><\/p>\n<p>&nbsp;<\/p>\n<p>&nbsp;<\/p>\n<p>&nbsp;<\/p>\n<p>&nbsp;<\/p>\n<p><a href=\"https:\/\/hopenmeteo.no\/wp-content\/uploads\/2013\/08\/Polarskj\u00f8rbuksur-close.jpg\"><img loading=\"lazy\" decoding=\"async\" class=\"alignleft size-medium wp-image-513\" alt=\"Polarskj\u00f8rbuksurt\" src=\"https:\/\/hopenmeteo.no\/wp-content\/uploads\/2013\/08\/Polarskj\u00f8rbuksur-close-300x168.jpg\" width=\"300\" height=\"168\" srcset=\"https:\/\/hopenmeteo.no\/wp-content\/uploads\/2013\/08\/Polarskj\u00f8rbuksur-close-300x168.jpg 300w, https:\/\/hopenmeteo.no\/wp-content\/uploads\/2013\/08\/Polarskj\u00f8rbuksur-close-500x281.jpg 500w, https:\/\/hopenmeteo.no\/wp-content\/uploads\/2013\/08\/Polarskj\u00f8rbuksur-close.jpg 800w\" sizes=\"auto, (max-width: 300px) 100vw, 300px\" \/><\/a><\/p>\n<p>&nbsp;<\/p>\n<p>&nbsp;<\/p>\n<p>&nbsp;<\/p>\n<p>&nbsp;<\/p>\n<p>&nbsp;<\/p>\n<div id=\"attachment_638\" style=\"width: 310px\" class=\"wp-caption alignleft\"><a href=\"https:\/\/hopenmeteo.no\/wp-content\/uploads\/2013\/09\/Skj\u00f8rbuksurt-fr\u00f8.jpg\"><img loading=\"lazy\" decoding=\"async\" aria-describedby=\"caption-attachment-638\" class=\"size-medium wp-image-638\" alt=\"Fr\u00f8kapsler fra Skj\u00f8rbuksurt som er t\u00f8rket p\u00e5 bakken.\" src=\"https:\/\/hopenmeteo.no\/wp-content\/uploads\/2013\/09\/Skj\u00f8rbuksurt-fr\u00f8-300x168.jpg\" width=\"300\" height=\"168\" srcset=\"https:\/\/hopenmeteo.no\/wp-content\/uploads\/2013\/09\/Skj\u00f8rbuksurt-fr\u00f8-300x168.jpg 300w, https:\/\/hopenmeteo.no\/wp-content\/uploads\/2013\/09\/Skj\u00f8rbuksurt-fr\u00f8-500x281.jpg 500w, https:\/\/hopenmeteo.no\/wp-content\/uploads\/2013\/09\/Skj\u00f8rbuksurt-fr\u00f8.jpg 800w\" sizes=\"auto, (max-width: 300px) 100vw, 300px\" \/><\/a><p id=\"caption-attachment-638\" class=\"wp-caption-text\">Fr\u00f8kapsler fra Skj\u00f8rbuksurt som er t\u00f8rket p\u00e5 bakken.<\/p><\/div>\n<p><script type=\"text\/javascript\"> end892_() <\/script><\/p>\n","protected":false},"excerpt":{"rendered":"<p>commonly antihypertensives, psychotropic drugs49REASSESSMENT AND viagra generic. &nbsp; &nbsp; &nbsp; &nbsp; &nbsp; &nbsp; &nbsp; &nbsp; &nbsp; &nbsp; &nbsp; &nbsp; &nbsp; &nbsp; &nbsp; &nbsp; &nbsp; &nbsp; &nbsp; &nbsp; &nbsp; &nbsp; &nbsp; &nbsp; &nbsp; &nbsp; &nbsp; &nbsp; &nbsp;<\/p>\n","protected":false},"author":2,"featured_media":0,"parent":0,"menu_order":0,"comment_status":"open","ping_status":"open","template":"","meta":{"footnotes":""},"class_list":["post-596","page","type-page","status-publish","hentry"],"_links":{"self":[{"href":"https:\/\/hopenmeteo.no\/index.php?rest_route=\/wp\/v2\/pages\/596","targetHints":{"allow":["GET"]}}],"collection":[{"href":"https:\/\/hopenmeteo.no\/index.php?rest_route=\/wp\/v2\/pages"}],"about":[{"href":"https:\/\/hopenmeteo.no\/index.php?rest_route=\/wp\/v2\/types\/page"}],"author":[{"embeddable":true,"href":"https:\/\/hopenmeteo.no\/index.php?rest_route=\/wp\/v2\/users\/2"}],"replies":[{"embeddable":true,"href":"https:\/\/hopenmeteo.no\/index.php?rest_route=%2Fwp%2Fv2%2Fcomments&post=596"}],"version-history":[{"count":3,"href":"https:\/\/hopenmeteo.no\/index.php?rest_route=\/wp\/v2\/pages\/596\/revisions"}],"predecessor-version":[{"id":651,"href":"https:\/\/hopenmeteo.no\/index.php?rest_route=\/wp\/v2\/pages\/596\/revisions\/651"}],"wp:attachment":[{"href":"https:\/\/hopenmeteo.no\/index.php?rest_route=%2Fwp%2Fv2%2Fmedia&parent=596"}],"curies":[{"name":"wp","href":"https:\/\/api.w.org\/{rel}","templated":true}]}}